Last updated on 2025-05-01 08:52:28 CEST.
Flavor | Version | Tinstall | Tcheck | Ttotal | Status | Flags |
---|---|---|---|---|---|---|
r-devel-linux-x86_64-debian-clang | 1.1.5 | 19.54 | 100.36 | 119.90 | NOTE | |
r-devel-linux-x86_64-debian-gcc | 1.1.5 | 13.85 | 68.57 | 82.42 | OK | |
r-devel-linux-x86_64-fedora-clang | 1.1.5 | 190.58 | OK | |||
r-devel-linux-x86_64-fedora-gcc | 1.1.5 | 178.17 | OK | |||
r-devel-windows-x86_64 | 1.1.5 | 25.00 | 114.00 | 139.00 | OK | |
r-patched-linux-x86_64 | 1.1.5 | 19.71 | 95.47 | 115.18 | OK | |
r-release-linux-x86_64 | OK | |||||
r-release-macos-arm64 | 1.1.5 | 58.00 | OK | |||
r-release-macos-x86_64 | 1.1.5 | 125.00 | OK | |||
r-release-windows-x86_64 | 1.1.5 | 25.00 | 119.00 | 144.00 | OK | |
r-oldrel-macos-arm64 | 1.1.5 | 51.00 | OK | |||
r-oldrel-macos-x86_64 | 1.1.5 | 106.00 | OK | |||
r-oldrel-windows-x86_64 | 1.1.5 | 29.00 | 144.00 | 173.00 | OK |
Version: 1.1.5
Check: examples
Result: NOTE
Examples with CPU (user + system) or elapsed time > 5s
user system elapsed
RF 5.086 0.243 6.521
Flavor: r-devel-linux-x86_64-debian-clang
These binaries (installable software) and packages are in development.
They may not be fully stable and should be used with caution. We make no claims about them.