Last updated on 2025-05-01 14:49:05 CEST.
Flavor | Version | Tinstall | Tcheck | Ttotal | Status | Flags |
---|---|---|---|---|---|---|
r-devel-linux-x86_64-debian-clang | 4.9 | 4.66 | 46.50 | 51.16 | NOTE | |
r-devel-linux-x86_64-debian-gcc | 4.9 | 3.54 | 34.71 | 38.25 | NOTE | |
r-devel-linux-x86_64-fedora-clang | 4.9 | 83.87 | NOTE | |||
r-devel-linux-x86_64-fedora-gcc | 4.9 | 94.71 | NOTE | |||
r-devel-windows-x86_64 | 4.9 | 6.00 | 76.00 | 82.00 | NOTE | |
r-patched-linux-x86_64 | 4.9 | 5.18 | 45.17 | 50.35 | NOTE | |
r-release-linux-x86_64 | NOTE | |||||
r-release-macos-arm64 | 4.9 | 43.00 | NOTE | |||
r-release-macos-x86_64 | 4.9 | 73.00 | NOTE | |||
r-release-windows-x86_64 | 4.9 | 7.00 | 77.00 | 84.00 | NOTE | |
r-oldrel-macos-arm64 | 4.9 | 35.00 | NOTE | |||
r-oldrel-macos-x86_64 | 4.9 | 65.00 | NOTE | |||
r-oldrel-windows-x86_64 | 4.9 | 7.00 | 79.00 | 86.00 | NOTE |
Version: 4.9
Check: CRAN incoming feasibility
Result: NOTE
Maintainer: ‘Rodney Edmondson <rodney.edmondson@gmail.com>’
No Authors@R field in DESCRIPTION.
Please add one, modifying
Authors@R: c(person(given = c("R.", "N."),
family = "Edmondson.",
role = "aut"),
person(given = "Rodney",
family = "Edmondson",
role = "cre",
email = "rodney.edmondson@gmail.com"))
as necessary.
Flavors: r-devel-linux-x86_64-debian-clang, r-devel-linux-x86_64-debian-gcc
Version: 4.9
Check: Rd files
Result: NOTE
checkRd: (-1) durban.Rd:16: Lost braces; missing escapes or markup?
16 | This data set was obtained from the durban.rowcol {agridat} example in package 'agridat'
| ^
checkRd: (-1) fraction.Rd:30: Lost braces in \itemize; \value handles \item{}{} directly
checkRd: (-1) fraction.Rd:31-32: Lost braces in \itemize; \value handles \item{}{} directly
checkRd: (-1) fraction.Rd:33: Lost braces in \itemize; \value handles \item{}{} directly
Flavors: r-devel-linux-x86_64-debian-clang, r-devel-linux-x86_64-debian-gcc, r-devel-linux-x86_64-fedora-clang, r-devel-linux-x86_64-fedora-gcc, r-devel-windows-x86_64, r-patched-linux-x86_64, r-release-linux-x86_64, r-release-macos-arm64, r-release-macos-x86_64, r-release-windows-x86_64, r-oldrel-macos-arm64, r-oldrel-macos-x86_64, r-oldrel-windows-x86_64
Version: 4.9
Check: examples
Result: NOTE
Examples with CPU (user + system) or elapsed time > 5s
user system elapsed
design 4.444 0.008 5.837
Flavor: r-devel-linux-x86_64-debian-clang
These binaries (installable software) and packages are in development.
They may not be fully stable and should be used with caution. We make no claims about them.