Last updated on 2025-05-01 12:49:23 CEST.
Flavor | Version | Tinstall | Tcheck | Ttotal | Status | Flags |
---|---|---|---|---|---|---|
r-devel-linux-x86_64-debian-clang | 0.1.1 | 6.27 | 94.06 | 100.33 | NOTE | |
r-devel-linux-x86_64-debian-gcc | 0.1.1 | 4.88 | 62.50 | 67.38 | NOTE | |
r-devel-linux-x86_64-fedora-clang | 0.1.1 | 157.73 | NOTE | |||
r-devel-linux-x86_64-fedora-gcc | 0.1.1 | 140.11 | NOTE | |||
r-devel-windows-x86_64 | 0.1.1 | 8.00 | 102.00 | 110.00 | NOTE | |
r-patched-linux-x86_64 | 0.1.1 | 5.74 | 81.93 | 87.67 | NOTE | |
r-release-linux-x86_64 | NOTE | |||||
r-release-macos-arm64 | 0.1.1 | 54.00 | NOTE | |||
r-release-macos-x86_64 | 0.1.1 | 84.00 | NOTE | |||
r-release-windows-x86_64 | 0.1.1 | 8.00 | 104.00 | 112.00 | NOTE | |
r-oldrel-macos-arm64 | 0.1.1 | 50.00 | NOTE | |||
r-oldrel-macos-x86_64 | 0.1.1 | 69.00 | NOTE | |||
r-oldrel-windows-x86_64 | 0.1.1 | 9.00 | 132.00 | 141.00 | NOTE |
Version: 0.1.1
Check: Rd files
Result: NOTE
checkRd: (-1) estimate_density.Rd:25: Lost braces; missing escapes or markup?
25 | evenly spaced points between \code{min} and {max}.
| ^
Flavors: r-devel-linux-x86_64-debian-clang, r-devel-linux-x86_64-debian-gcc, r-devel-linux-x86_64-fedora-clang, r-devel-linux-x86_64-fedora-gcc, r-devel-windows-x86_64, r-patched-linux-x86_64, r-release-linux-x86_64, r-release-macos-arm64, r-release-macos-x86_64, r-release-windows-x86_64, r-oldrel-macos-arm64, r-oldrel-macos-x86_64, r-oldrel-windows-x86_64
These binaries (installable software) and packages are in development.
They may not be fully stable and should be used with caution. We make no claims about them.