Last updated on 2025-02-16 10:50:42 CET.
Flavor | Version | Tinstall | Tcheck | Ttotal | Status | Flags |
---|---|---|---|---|---|---|
r-devel-linux-x86_64-debian-clang | 0.1.0 | 2.17 | 20.26 | 22.43 | NOTE | |
r-devel-linux-x86_64-debian-gcc | 0.1.0 | 1.58 | 16.65 | 18.23 | NOTE | |
r-devel-linux-x86_64-fedora-clang | 0.1.0 | 35.72 | OK | |||
r-devel-linux-x86_64-fedora-gcc | 0.1.0 | 33.05 | OK | |||
r-devel-macos-arm64 | 0.1.0 | 16.00 | OK | |||
r-devel-macos-x86_64 | 0.1.0 | 25.00 | OK | |||
r-devel-windows-x86_64 | 0.1.0 | 4.00 | 47.00 | 51.00 | OK | |
r-patched-linux-x86_64 | 0.1.0 | 2.29 | 18.30 | 20.59 | NOTE | |
r-release-linux-x86_64 | 0.1.0 | 1.95 | 18.38 | 20.33 | NOTE | |
r-release-macos-arm64 | 0.1.0 | 16.00 | NOTE | |||
r-release-macos-x86_64 | 0.1.0 | 22.00 | NOTE | |||
r-release-windows-x86_64 | 0.1.0 | 4.00 | 44.00 | 48.00 | NOTE | |
r-oldrel-macos-arm64 | 0.1.0 | 16.00 | NOTE | |||
r-oldrel-macos-x86_64 | 0.1.0 | 21.00 | NOTE | |||
r-oldrel-windows-x86_64 | 0.1.0 | 4.00 | 47.00 | 51.00 | NOTE |
Version: 0.1.0
Check: for unstated dependencies in ‘demo’
Result: NOTE
'::' or ':::' imports not declared from:
‘abind’ ‘abjutils’ ‘bayesplot’ ‘devtools’ ‘dplyr’ ‘fs’ ‘furrr’
‘knitr’ ‘purrr’ ‘readr’ ‘stringr’ ‘tibble’ ‘tidyr’
'library' or 'require' calls not declared from:
‘future’ ‘tidyverse’
Flavors: r-devel-linux-x86_64-debian-clang, r-devel-linux-x86_64-debian-gcc
Version: 0.1.0
Check: LazyData
Result: NOTE
'LazyData' is specified without a 'data' directory
Flavors: r-patched-linux-x86_64, r-release-linux-x86_64, r-release-macos-arm64, r-release-macos-x86_64, r-release-windows-x86_64, r-oldrel-macos-arm64, r-oldrel-macos-x86_64, r-oldrel-windows-x86_64
These binaries (installable software) and packages are in development.
They may not be fully stable and should be used with caution. We make no claims about them.