Last updated on 2025-02-16 10:50:42 CET.
Flavor | Version | Tinstall | Tcheck | Ttotal | Status | Flags |
---|---|---|---|---|---|---|
r-devel-linux-x86_64-debian-clang | 0.1.2 | 30.06 | 24.96 | 55.02 | NOTE | |
r-devel-linux-x86_64-debian-gcc | 0.1.2 | 23.50 | 20.21 | 43.71 | NOTE | |
r-devel-linux-x86_64-fedora-clang | 0.1.2 | 109.67 | NOTE | |||
r-devel-linux-x86_64-fedora-gcc | 0.1.2 | 107.12 | NOTE | |||
r-devel-macos-arm64 | 0.1.2 | 27.00 | NOTE | |||
r-devel-macos-x86_64 | 0.1.2 | 53.00 | NOTE | |||
r-devel-windows-x86_64 | 0.1.2 | 34.00 | 66.00 | 100.00 | NOTE | |
r-patched-linux-x86_64 | 0.1.2 | 32.97 | 23.75 | 56.72 | NOTE | |
r-release-linux-x86_64 | 0.1.2 | 29.69 | 23.73 | 53.42 | NOTE | |
r-release-macos-arm64 | 0.1.2 | 30.00 | NOTE | |||
r-release-macos-x86_64 | 0.1.2 | 36.00 | NOTE | |||
r-release-windows-x86_64 | 0.1.2 | 34.00 | 71.00 | 105.00 | NOTE | |
r-oldrel-macos-arm64 | 0.1.2 | 32.00 | NOTE | |||
r-oldrel-macos-x86_64 | 0.1.2 | 54.00 | NOTE | |||
r-oldrel-windows-x86_64 | 0.1.2 | 42.00 | 100.00 | 142.00 | NOTE |
Version: 0.1.2
Check: C++ specification
Result: NOTE
Specified C++11: please drop specification unless essential
Flavors: r-devel-linux-x86_64-debian-clang, r-devel-linux-x86_64-debian-gcc, r-devel-linux-x86_64-fedora-clang, r-devel-linux-x86_64-fedora-gcc, r-devel-macos-arm64, r-devel-macos-x86_64, r-devel-windows-x86_64, r-patched-linux-x86_64, r-release-linux-x86_64, r-release-macos-arm64, r-release-macos-x86_64, r-release-windows-x86_64, r-oldrel-macos-arm64, r-oldrel-macos-x86_64, r-oldrel-windows-x86_64
These binaries (installable software) and packages are in development.
They may not be fully stable and should be used with caution. We make no claims about them.