Last updated on 2025-05-01 08:52:28 CEST.
Flavor | Version | Tinstall | Tcheck | Ttotal | Status | Flags |
---|---|---|---|---|---|---|
r-devel-linux-x86_64-debian-clang | 0.1.2 | 32.48 | 26.80 | 59.28 | NOTE | |
r-devel-linux-x86_64-debian-gcc | 0.1.2 | 22.06 | 21.35 | 43.41 | NOTE | |
r-devel-linux-x86_64-fedora-clang | 0.1.2 | 105.38 | NOTE | |||
r-devel-linux-x86_64-fedora-gcc | 0.1.2 | 113.93 | NOTE | |||
r-devel-windows-x86_64 | 0.1.2 | 38.00 | 69.00 | 107.00 | NOTE | |
r-patched-linux-x86_64 | 0.1.2 | 33.12 | 24.37 | 57.49 | NOTE | |
r-release-linux-x86_64 | NOTE | |||||
r-release-macos-arm64 | 0.1.2 | 34.00 | NOTE | |||
r-release-macos-x86_64 | 0.1.2 | 52.00 | NOTE | |||
r-release-windows-x86_64 | 0.1.2 | 37.00 | 73.00 | 110.00 | NOTE | |
r-oldrel-macos-arm64 | 0.1.2 | 30.00 | NOTE | |||
r-oldrel-macos-x86_64 | 0.1.2 | 36.00 | NOTE | |||
r-oldrel-windows-x86_64 | 0.1.2 | 42.00 | 80.00 | 122.00 | NOTE |
Version: 0.1.2
Check: C++ specification
Result: NOTE
Specified C++11: please drop specification unless essential
Flavors: r-devel-linux-x86_64-debian-clang, r-devel-linux-x86_64-debian-gcc, r-devel-linux-x86_64-fedora-clang, r-devel-linux-x86_64-fedora-gcc, r-devel-windows-x86_64, r-patched-linux-x86_64, r-release-linux-x86_64, r-release-macos-arm64, r-release-macos-x86_64, r-release-windows-x86_64, r-oldrel-macos-arm64, r-oldrel-macos-x86_64, r-oldrel-windows-x86_64
These binaries (installable software) and packages are in development.
They may not be fully stable and should be used with caution. We make no claims about them.