CRAN Package Check Results for Package bmemLavaan

Last updated on 2025-05-01 14:49:05 CEST.

Flavor Version Tinstall Tcheck Ttotal Status Flags
r-devel-linux-x86_64-debian-clang 0.5 12.07 87.80 99.87 NOTE
r-devel-linux-x86_64-debian-gcc 0.5 8.77 64.40 73.17 NOTE
r-devel-linux-x86_64-fedora-clang 0.5 163.51 OK
r-devel-linux-x86_64-fedora-gcc 0.5 162.88 OK
r-devel-windows-x86_64 0.5 13.00 105.00 118.00 NOTE
r-patched-linux-x86_64 0.5 9.12 84.40 93.52 NOTE
r-release-linux-x86_64 NOTE
r-release-macos-arm64 0.5 79.00 OK
r-release-macos-x86_64 0.5 120.00 OK
r-release-windows-x86_64 0.5 14.00 109.00 123.00 NOTE
r-oldrel-macos-arm64 0.5 59.00 OK
r-oldrel-macos-x86_64 0.5 89.00 OK
r-oldrel-windows-x86_64 0.5 16.00 137.00 153.00 OK

Check Details

Version: 0.5
Check: Rd cross-references
Result: NOTE Found the following Rd file(s) with Rd \link{} targets missing package anchors: bmem.Rd: sem power.bmem.Rd: model.syntax power.curve.Rd: model.syntax summary.power.Rd: lavaan Please provide package anchors for all Rd \link{} targets not in the package itself and the base packages. Flavors: r-devel-linux-x86_64-debian-clang, r-devel-linux-x86_64-debian-gcc, r-devel-windows-x86_64, r-patched-linux-x86_64, r-release-linux-x86_64, r-release-windows-x86_64

Version: 0.5
Check: examples
Result: NOTE Examples with CPU (user + system) or elapsed time > 5s user system elapsed bmem 0.519 0.013 12.587 summary.bmem 0.290 0.010 12.303 Flavor: r-devel-linux-x86_64-debian-clang

Version: 0.5
Check: examples
Result: NA user system elapsed bmem 0.346 0.024 9.065 summary.bmem 0.164 0.012 8.084 OK Flavor: r-devel-linux-x86_64-debian-gcc

These binaries (installable software) and packages are in development.
They may not be fully stable and should be used with caution. We make no claims about them.