CRAN Package Check Results for Package bmggum

Last updated on 2025-11-12 23:50:39 CET.

Flavor Version Tinstall Tcheck Ttotal Status Flags
r-devel-linux-x86_64-debian-clang 0.1.0 769.26 159.87 929.13 OK
r-devel-linux-x86_64-debian-gcc 0.1.0 640.62 168.20 808.82 OK
r-devel-linux-x86_64-fedora-clang 0.1.0 2040.00 -627.38 1412.62 NOTE
r-devel-linux-x86_64-fedora-gcc 0.1.0 2100.00 -110.23 1989.77 NOTE
r-devel-windows-x86_64 0.1.0 820.00 231.00 1051.00 OK
r-patched-linux-x86_64 0.1.0 862.75 230.09 1092.84 OK
r-release-linux-x86_64 0.1.0 872.15 229.27 1101.42 OK
r-release-macos-arm64 0.1.0 311.00 99.00 410.00 OK
r-release-macos-x86_64 0.1.0 272.00 113.00 385.00 OK
r-release-windows-x86_64 0.1.0 821.00 220.00 1041.00 OK
r-oldrel-macos-arm64 0.1.0 157.00 58.00 215.00 NOTE
r-oldrel-macos-x86_64 0.1.0 97.00 85.00 182.00 NOTE
r-oldrel-windows-x86_64 0.1.0 934.00 284.00 1218.00 NOTE

Check Details

Version: 0.1.0
Check: dependencies in R code
Result: NOTE Namespaces in Imports field not imported from: ‘RcppParallel’ ‘rstantools’ All declared Imports should be used. Flavors: r-devel-linux-x86_64-fedora-clang, r-devel-linux-x86_64-fedora-gcc

Version: 0.1.0
Check: installed package size
Result: NOTE installed size is 125.3Mb sub-directories of 1Mb or more: libs 124.7Mb Flavors: r-oldrel-macos-arm64, r-oldrel-macos-x86_64, r-oldrel-windows-x86_64

Version: 0.1.0
Check: for GNU extensions in Makefiles
Result: NOTE GNU make is a SystemRequirements. Flavors: r-oldrel-macos-arm64, r-oldrel-macos-x86_64, r-oldrel-windows-x86_64

These binaries (installable software) and packages are in development.
They may not be fully stable and should be used with caution. We make no claims about them.