Last updated on 2025-05-01 08:52:28 CEST.
Flavor | Version | Tinstall | Tcheck | Ttotal | Status | Flags |
---|---|---|---|---|---|---|
r-devel-linux-x86_64-debian-clang | 0.1.0 | 750.77 | 147.94 | 898.71 | OK | |
r-devel-linux-x86_64-debian-gcc | 0.1.0 | 663.51 | 157.36 | 820.87 | OK | |
r-devel-linux-x86_64-fedora-clang | 0.1.0 | 1345.16 | NOTE | |||
r-devel-linux-x86_64-fedora-gcc | 0.1.0 | 1988.52 | NOTE | |||
r-devel-windows-x86_64 | 0.1.0 | 819.00 | 230.00 | 1049.00 | OK | |
r-patched-linux-x86_64 | 0.1.0 | 879.50 | 217.56 | 1097.06 | OK | |
r-release-linux-x86_64 | OK | |||||
r-release-macos-arm64 | 0.1.0 | 410.00 | OK | |||
r-release-macos-x86_64 | 0.1.0 | 385.00 | OK | |||
r-release-windows-x86_64 | 0.1.0 | 823.00 | 234.00 | 1057.00 | OK | |
r-oldrel-macos-arm64 | 0.1.0 | 215.00 | NOTE | |||
r-oldrel-macos-x86_64 | 0.1.0 | 182.00 | NOTE | |||
r-oldrel-windows-x86_64 | 0.1.0 | 879.00 | 281.00 | 1160.00 | NOTE |
Version: 0.1.0
Check: dependencies in R code
Result: NOTE
Namespaces in Imports field not imported from:
‘RcppParallel’ ‘rstantools’
All declared Imports should be used.
Flavors: r-devel-linux-x86_64-fedora-clang, r-devel-linux-x86_64-fedora-gcc
Version: 0.1.0
Check: installed package size
Result: NOTE
installed size is 125.3Mb
sub-directories of 1Mb or more:
libs 124.7Mb
Flavors: r-oldrel-macos-arm64, r-oldrel-macos-x86_64, r-oldrel-windows-x86_64
Version: 0.1.0
Check: for GNU extensions in Makefiles
Result: NOTE
GNU make is a SystemRequirements.
Flavors: r-oldrel-macos-arm64, r-oldrel-macos-x86_64, r-oldrel-windows-x86_64
These binaries (installable software) and packages are in development.
They may not be fully stable and should be used with caution. We make no claims about them.