Last updated on 2025-05-01 08:52:28 CEST.
Flavor | Version | Tinstall | Tcheck | Ttotal | Status | Flags |
---|---|---|---|---|---|---|
r-devel-linux-x86_64-debian-clang | 1.3.15 | 267.01 | 124.02 | 391.03 | OK | |
r-devel-linux-x86_64-debian-gcc | 1.3.15 | 234.13 | 107.67 | 341.80 | OK | |
r-devel-linux-x86_64-fedora-clang | 1.3.15 | 569.98 | NOTE | |||
r-devel-linux-x86_64-fedora-gcc | 1.3.15 | 753.21 | NOTE | |||
r-devel-windows-x86_64 | 1.3.15 | 286.00 | 156.00 | 442.00 | OK | |
r-patched-linux-x86_64 | 1.3.15 | 313.88 | 142.44 | 456.32 | OK | |
r-release-linux-x86_64 | OK | |||||
r-release-macos-arm64 | 1.3.15 | 160.00 | OK | |||
r-release-macos-x86_64 | 1.3.15 | 300.00 | OK | |||
r-release-windows-x86_64 | 1.3.15 | 280.00 | 156.00 | 436.00 | OK | |
r-oldrel-macos-arm64 | 1.3.15 | 90.00 | NOTE | |||
r-oldrel-macos-x86_64 | 1.3.15 | 116.00 | NOTE | |||
r-oldrel-windows-x86_64 | 1.3.15 | 304.00 | 201.00 | 505.00 | OK |
Version: 1.3.15
Check: dependencies in R code
Result: NOTE
Namespaces in Imports field not imported from:
‘RcppParallel’ ‘rstantools’
All declared Imports should be used.
Flavors: r-devel-linux-x86_64-fedora-clang, r-devel-linux-x86_64-fedora-gcc
Version: 1.3.15
Check: installed package size
Result: NOTE
installed size is 65.1Mb
sub-directories of 1Mb or more:
libs 64.7Mb
Flavors: r-oldrel-macos-arm64, r-oldrel-macos-x86_64
Version: 1.3.15
Check: for GNU extensions in Makefiles
Result: NOTE
GNU make is a SystemRequirements.
Flavors: r-oldrel-macos-arm64, r-oldrel-macos-x86_64
These binaries (installable software) and packages are in development.
They may not be fully stable and should be used with caution. We make no claims about them.