CRAN Package Check Results for Package bmm

Last updated on 2025-02-19 16:50:42 CET.

Flavor Version Tinstall Tcheck Ttotal Status Flags
r-devel-linux-x86_64-debian-clang 1.0.1 14.88 169.34 184.22 NOTE
r-devel-linux-x86_64-debian-gcc 1.0.1 10.03 116.78 126.81 NOTE
r-devel-linux-x86_64-fedora-clang 1.0.1 288.82 OK
r-devel-linux-x86_64-fedora-gcc 1.0.1 273.97 OK
r-devel-macos-arm64 1.0.1 86.00 OK
r-devel-macos-x86_64 1.0.1 217.00 OK
r-devel-windows-x86_64 1.0.1 16.00 172.00 188.00 NOTE
r-patched-linux-x86_64 1.0.1 21.89 155.48 177.37 NOTE
r-release-linux-x86_64 1.0.1 11.27 157.54 168.81 NOTE
r-release-macos-arm64 1.0.1 93.00 NOTE
r-release-macos-x86_64 1.0.1 186.00 NOTE
r-release-windows-x86_64 1.0.1 16.00 176.00 192.00 NOTE
r-oldrel-macos-arm64 1.0.1 109.00 NOTE
r-oldrel-macos-x86_64 1.0.1 223.00 NOTE
r-oldrel-windows-x86_64 1.0.1 22.00 210.00 232.00 NOTE

Check Details

Version: 1.0.1
Check: Rd cross-references
Result: NOTE Found the following Rd file(s) with Rd \link{} targets missing package anchors: summary.bmmfit.Rd: summary.brmsfit Please provide package anchors for all Rd \link{} targets not in the package itself and the base packages. Flavors: r-devel-linux-x86_64-debian-clang, r-devel-linux-x86_64-debian-gcc, r-devel-windows-x86_64

Version: 1.0.1
Check: package dependencies
Result: NOTE Package suggested but not available for checking: ‘cmdstanr’ Flavors: r-patched-linux-x86_64, r-release-linux-x86_64, r-release-macos-arm64, r-release-macos-x86_64, r-release-windows-x86_64, r-oldrel-macos-arm64, r-oldrel-macos-x86_64, r-oldrel-windows-x86_64

These binaries (installable software) and packages are in development.
They may not be fully stable and should be used with caution. We make no claims about them.