Last updated on 2025-11-12 12:53:05 CET.
| Flavor | Version | Tinstall | Tcheck | Ttotal | Status | Flags |
|---|---|---|---|---|---|---|
| r-devel-linux-x86_64-debian-clang | 1.2.0 | 18.01 | 250.00 | 268.01 | OK | |
| r-devel-linux-x86_64-debian-gcc | 1.2.0 | 11.96 | 172.63 | 184.59 | OK | |
| r-devel-linux-x86_64-fedora-clang | 1.2.0 | 103.00 | 347.47 | 450.47 | OK | |
| r-devel-linux-x86_64-fedora-gcc | 1.2.0 | 35.00 | 327.74 | 362.74 | OK | |
| r-devel-windows-x86_64 | 1.2.0 | 18.00 | 252.00 | 270.00 | OK | |
| r-patched-linux-x86_64 | 1.2.0 | 16.49 | 241.88 | 258.37 | OK | |
| r-release-linux-x86_64 | 1.2.0 | 17.80 | 240.78 | 258.58 | OK | |
| r-release-macos-arm64 | 1.2.0 | 7.00 | 83.00 | 90.00 | OK | |
| r-release-macos-x86_64 | 1.2.0 | 15.00 | 210.00 | 225.00 | OK | |
| r-release-windows-x86_64 | 1.2.0 | 17.00 | 249.00 | 266.00 | OK | |
| r-oldrel-macos-arm64 | 1.2.0 | 9.00 | 84.00 | 93.00 | NOTE | |
| r-oldrel-macos-x86_64 | 1.2.0 | 16.00 | 174.00 | 190.00 | NOTE | |
| r-oldrel-windows-x86_64 | 1.2.0 | 25.00 | 327.00 | 352.00 | NOTE |
Version: 1.2.0
Check: package dependencies
Result: NOTE
Package suggested but not available for checking: ‘cmdstanr’
Flavors: r-oldrel-macos-arm64, r-oldrel-macos-x86_64, r-oldrel-windows-x86_64
These binaries (installable software) and packages are in development.
They may not be fully stable and should be used with caution. We make no claims about them.