CRAN Package Check Results for Package bmm

Last updated on 2025-07-26 07:50:17 CEST.

Flavor Version Tinstall Tcheck Ttotal Status Flags
r-devel-linux-x86_64-debian-clang 1.0.1 13.98 176.10 190.08 NOTE
r-devel-linux-x86_64-debian-gcc 1.2.0 10.54 160.17 170.71 OK
r-devel-linux-x86_64-fedora-clang 1.2.0 389.24 OK
r-devel-linux-x86_64-fedora-gcc 1.2.0 322.00 OK
r-devel-windows-x86_64 1.0.1 16.00 178.00 194.00 NOTE
r-patched-linux-x86_64 1.0.1 16.16 163.72 179.88 NOTE
r-release-linux-x86_64 1.0.1 16.86 163.83 180.69 NOTE
r-release-macos-arm64 1.0.1 76.00 OK
r-release-macos-x86_64 1.2.0 225.00 OK
r-release-windows-x86_64 1.2.0 17.00 245.00 262.00 OK
r-oldrel-macos-arm64 1.0.1 93.00 NOTE
r-oldrel-macos-x86_64 1.2.0 190.00 NOTE
r-oldrel-windows-x86_64 1.2.0 23.00 312.00 335.00 NOTE

Check Details

Version: 1.0.1
Check: Rd cross-references
Result: NOTE Found the following Rd file(s) with Rd \link{} targets missing package anchors: summary.bmmfit.Rd: summary.brmsfit Please provide package anchors for all Rd \link{} targets not in the package itself and the base packages. Flavors: r-devel-linux-x86_64-debian-clang, r-devel-windows-x86_64, r-patched-linux-x86_64, r-release-linux-x86_64

Version: 1.0.1
Check: package dependencies
Result: NOTE Package suggested but not available for checking: ‘cmdstanr’ Flavor: r-oldrel-macos-arm64

Version: 1.2.0
Check: package dependencies
Result: NOTE Package suggested but not available for checking: ‘cmdstanr’ Flavors: r-oldrel-macos-x86_64, r-oldrel-windows-x86_64

These binaries (installable software) and packages are in development.
They may not be fully stable and should be used with caution. We make no claims about them.