Last updated on 2025-02-16 10:50:42 CET.
Flavor | Version | Tinstall | Tcheck | Ttotal | Status | Flags |
---|---|---|---|---|---|---|
r-devel-linux-x86_64-debian-clang | 0.7.9 | 380.38 | 532.52 | 912.90 | NOTE | |
r-devel-linux-x86_64-debian-gcc | 0.7.9 | 372.77 | 381.33 | 754.10 | NOTE | |
r-devel-linux-x86_64-fedora-clang | 0.7.9 | 1686.97 | OK | |||
r-devel-linux-x86_64-fedora-gcc | 0.7.9 | 2076.66 | OK | |||
r-devel-macos-arm64 | 0.7.9 | 432.00 | OK | |||
r-devel-macos-x86_64 | 0.7.9 | 656.00 | OK | |||
r-devel-windows-x86_64 | 0.7.9 | 443.00 | 480.00 | 923.00 | NOTE | |
r-patched-linux-x86_64 | 0.7.9 | 433.37 | 543.39 | 976.76 | NOTE | |
r-release-linux-x86_64 | 0.7.9 | 404.60 | 543.12 | 947.72 | NOTE | |
r-release-macos-arm64 | 0.7.9 | 218.00 | NOTE | |||
r-release-macos-x86_64 | 0.7.9 | 314.00 | NOTE | |||
r-release-windows-x86_64 | 0.7.9 | 415.00 | 475.00 | 890.00 | NOTE | |
r-oldrel-macos-arm64 | 0.7.9 | 265.00 | NOTE | |||
r-oldrel-macos-x86_64 | 0.7.9 | 354.00 | NOTE | |||
r-oldrel-windows-x86_64 | 0.7.9 | 521.00 | 621.00 | 1142.00 | NOTE |
Version: 0.7.9
Check: Rd cross-references
Result: NOTE
Found the following Rd file(s) with Rd \link{} targets missing package
anchors:
Bspatial.Rd: spLM
Bsptime.Rd: spDynLM, spT.time, spLM
Please provide package anchors for all Rd \link{} targets not in the
package itself and the base packages.
Flavors: r-devel-linux-x86_64-debian-clang, r-devel-linux-x86_64-debian-gcc, r-devel-windows-x86_64
Version: 0.7.9
Check: package dependencies
Result: NOTE
Package suggested but not available for checking: ‘INLA’
Flavors: r-patched-linux-x86_64, r-release-linux-x86_64, r-release-macos-arm64, r-release-macos-x86_64, r-oldrel-macos-arm64, r-oldrel-macos-x86_64, r-oldrel-windows-x86_64
Version: 0.7.9
Check: for GNU extensions in Makefiles
Result: NOTE
GNU make is a SystemRequirements.
Flavors: r-patched-linux-x86_64, r-release-linux-x86_64, r-release-macos-arm64, r-release-macos-x86_64, r-release-windows-x86_64, r-oldrel-macos-arm64, r-oldrel-macos-x86_64, r-oldrel-windows-x86_64
Version: 0.7.9
Check: installed package size
Result: NOTE
installed size is 106.2Mb
sub-directories of 1Mb or more:
libs 102.8Mb
Flavors: r-release-macos-arm64, r-release-macos-x86_64, r-release-windows-x86_64, r-oldrel-macos-arm64, r-oldrel-macos-x86_64, r-oldrel-windows-x86_64
These binaries (installable software) and packages are in development.
They may not be fully stable and should be used with caution. We make no claims about them.