Last updated on 2025-11-12 12:53:05 CET.
| Flavor | Version | Tinstall | Tcheck | Ttotal | Status | Flags |
|---|---|---|---|---|---|---|
| r-devel-linux-x86_64-debian-clang | 0.4.8 | 59.87 | 108.70 | 168.57 | OK | |
| r-devel-linux-x86_64-debian-gcc | 0.4.8 | 42.90 | 79.21 | 122.11 | OK | |
| r-devel-linux-x86_64-fedora-clang | 0.4.8 | 222.00 | 90.12 | 312.12 | OK | |
| r-devel-linux-x86_64-fedora-gcc | 0.4.8 | 152.00 | 148.04 | 300.04 | OK | |
| r-devel-windows-x86_64 | 0.4.8 | 65.00 | 186.00 | 251.00 | OK | |
| r-patched-linux-x86_64 | 0.4.8 | 59.95 | 105.37 | 165.32 | OK | |
| r-release-linux-x86_64 | 0.4.8 | 60.05 | 105.06 | 165.11 | OK | |
| r-release-macos-arm64 | 0.4.8 | 22.00 | 59.00 | 81.00 | OK | |
| r-release-macos-x86_64 | 0.4.8 | 24.00 | 129.00 | 153.00 | OK | |
| r-release-windows-x86_64 | 0.4.8 | 70.00 | 179.00 | 249.00 | OK | |
| r-oldrel-macos-arm64 | 0.4.8 | 20.00 | 60.00 | 80.00 | NOTE | |
| r-oldrel-macos-x86_64 | 0.4.8 | 22.00 | 88.00 | 110.00 | NOTE | |
| r-oldrel-windows-x86_64 | 0.4.8 | 73.00 | 216.00 | 289.00 | OK |
Version: 0.4.8
Check: installed package size
Result: NOTE
installed size is 6.8Mb
sub-directories of 1Mb or more:
libs 6.0Mb
Flavors: r-oldrel-macos-arm64, r-oldrel-macos-x86_64
These binaries (installable software) and packages are in development.
They may not be fully stable and should be used with caution. We make no claims about them.