Last updated on 2025-05-01 08:52:28 CEST.
Flavor | Version | Tinstall | Tcheck | Ttotal | Status | Flags |
---|---|---|---|---|---|---|
r-devel-linux-x86_64-debian-clang | 0.4.8 | 57.44 | 99.56 | 157.00 | OK | |
r-devel-linux-x86_64-debian-gcc | 0.4.8 | 44.22 | 74.71 | 118.93 | OK | |
r-devel-linux-x86_64-fedora-clang | 0.4.8 | 287.62 | OK | |||
r-devel-linux-x86_64-fedora-gcc | 0.4.8 | 295.06 | OK | |||
r-devel-windows-x86_64 | 0.4.8 | 66.00 | 186.00 | 252.00 | OK | |
r-patched-linux-x86_64 | 0.4.8 | 61.84 | 97.16 | 159.00 | OK | |
r-release-linux-x86_64 | OK | |||||
r-release-macos-arm64 | 0.4.8 | 81.00 | OK | |||
r-release-macos-x86_64 | 0.4.8 | 153.00 | OK | |||
r-release-windows-x86_64 | 0.4.8 | 67.00 | 192.00 | 259.00 | OK | |
r-oldrel-macos-arm64 | 0.4.8 | 80.00 | NOTE | |||
r-oldrel-macos-x86_64 | 0.4.8 | 110.00 | NOTE | |||
r-oldrel-windows-x86_64 | 0.4.8 | 72.00 | 216.00 | 288.00 | OK |
Version: 0.4.8
Check: installed package size
Result: NOTE
installed size is 6.8Mb
sub-directories of 1Mb or more:
libs 6.0Mb
Flavors: r-oldrel-macos-arm64, r-oldrel-macos-x86_64
These binaries (installable software) and packages are in development.
They may not be fully stable and should be used with caution. We make no claims about them.