Last updated on 2025-05-01 14:49:05 CEST.
Flavor | Version | Tinstall | Tcheck | Ttotal | Status | Flags |
---|---|---|---|---|---|---|
r-devel-linux-x86_64-debian-clang | 1.1 | 9.36 | 79.49 | 88.85 | OK | |
r-devel-linux-x86_64-debian-gcc | 1.1 | 6.97 | 59.21 | 66.18 | OK | |
r-devel-linux-x86_64-fedora-clang | 1.1 | 137.30 | NOTE | |||
r-devel-linux-x86_64-fedora-gcc | 1.1 | 142.12 | NOTE | |||
r-devel-windows-x86_64 | 1.1 | 10.00 | 88.00 | 98.00 | OK | |
r-patched-linux-x86_64 | 1.1 | 8.58 | 74.68 | 83.26 | OK | |
r-release-linux-x86_64 | OK | |||||
r-release-macos-arm64 | 1.1 | 54.00 | OK | |||
r-release-macos-x86_64 | 1.1 | 117.00 | OK | |||
r-release-windows-x86_64 | 1.1 | 11.00 | 92.00 | 103.00 | OK | |
r-oldrel-macos-arm64 | 1.1 | 54.00 | OK | |||
r-oldrel-macos-x86_64 | 1.1 | 78.00 | OK | |||
r-oldrel-windows-x86_64 | 1.1 | 12.00 | 109.00 | 121.00 | OK |
Version: 1.1
Check: dependencies in R code
Result: NOTE
Namespace in Imports field not imported from: ‘dplyr’
All declared Imports should be used.
Flavors: r-devel-linux-x86_64-fedora-clang, r-devel-linux-x86_64-fedora-gcc
These binaries (installable software) and packages are in development.
They may not be fully stable and should be used with caution. We make no claims about them.