Last updated on 2025-11-12 12:53:05 CET.
| Flavor | Version | Tinstall | Tcheck | Ttotal | Status | Flags |
|---|---|---|---|---|---|---|
| r-devel-linux-x86_64-debian-clang | 1.1 | 7.91 | 79.93 | 87.84 | OK | |
| r-devel-linux-x86_64-debian-gcc | 1.1 | 7.07 | 59.64 | 66.71 | OK | |
| r-devel-linux-x86_64-fedora-clang | 1.1 | 31.00 | 118.00 | 149.00 | NOTE | |
| r-devel-linux-x86_64-fedora-gcc | 1.1 | 19.00 | 132.76 | 151.76 | NOTE | |
| r-devel-windows-x86_64 | 1.1 | 12.00 | 87.00 | 99.00 | OK | |
| r-patched-linux-x86_64 | 1.1 | 8.49 | 76.03 | 84.52 | OK | |
| r-release-linux-x86_64 | 1.1 | 9.34 | 76.62 | 85.96 | OK | |
| r-release-macos-arm64 | 1.1 | 4.00 | 50.00 | 54.00 | OK | |
| r-release-macos-x86_64 | 1.1 | 12.00 | 105.00 | 117.00 | OK | |
| r-release-windows-x86_64 | 1.1 | 11.00 | 82.00 | 93.00 | OK | |
| r-oldrel-macos-arm64 | 1.1 | 5.00 | 49.00 | 54.00 | OK | |
| r-oldrel-macos-x86_64 | 1.1 | 6.00 | 72.00 | 78.00 | OK | |
| r-oldrel-windows-x86_64 | 1.1 | 14.00 | 106.00 | 120.00 | OK |
Version: 1.1
Check: dependencies in R code
Result: NOTE
Namespace in Imports field not imported from: ‘dplyr’
All declared Imports should be used.
Flavors: r-devel-linux-x86_64-fedora-clang, r-devel-linux-x86_64-fedora-gcc
These binaries (installable software) and packages are in development.
They may not be fully stable and should be used with caution. We make no claims about them.