Last updated on 2025-02-16 10:50:42 CET.
Flavor | Version | Tinstall | Tcheck | Ttotal | Status | Flags |
---|---|---|---|---|---|---|
r-devel-linux-x86_64-debian-clang | 5.0.2 | 49.34 | 95.35 | 144.69 | OK | |
r-devel-linux-x86_64-debian-gcc | 5.0.2 | 40.63 | 61.11 | 101.74 | OK | |
r-devel-linux-x86_64-fedora-clang | 5.0.2 | 236.71 | OK | |||
r-devel-linux-x86_64-fedora-gcc | 5.0.2 | 230.60 | OK | |||
r-devel-macos-arm64 | 5.0.2 | 66.00 | OK | |||
r-devel-macos-x86_64 | 5.0.2 | 106.00 | OK | |||
r-devel-windows-x86_64 | 5.0.2 | 86.00 | 121.00 | 207.00 | OK | |
r-patched-linux-x86_64 | 5.0.2 | 49.92 | 87.39 | 137.31 | OK | |
r-release-linux-x86_64 | 5.0.2 | 48.21 | 89.56 | 137.77 | OK | |
r-release-macos-arm64 | 5.0.2 | 59.00 | OK | |||
r-release-macos-x86_64 | 5.0.2 | 103.00 | OK | |||
r-release-windows-x86_64 | 5.0.2 | 91.00 | 122.00 | 213.00 | OK | |
r-oldrel-macos-arm64 | 4.9.4 | 83.00 | OK | |||
r-oldrel-macos-x86_64 | 4.9.4 | 178.00 | NOTE | |||
r-oldrel-windows-x86_64 | 4.9.4 | 94.00 | 141.00 | 235.00 | OK |
Version: 4.9.4
Check: installed package size
Result: NOTE
installed size is 5.1Mb
sub-directories of 1Mb or more:
data 2.1Mb
libs 1.7Mb
Flavor: r-oldrel-macos-x86_64
These binaries (installable software) and packages are in development.
They may not be fully stable and should be used with caution. We make no claims about them.