Last updated on 2025-10-23 19:50:09 CEST.
Flavor | Version | Tinstall | Tcheck | Ttotal | Status | Flags |
---|---|---|---|---|---|---|
r-devel-linux-x86_64-debian-clang | 5.1 | 51.78 | 103.83 | 155.61 | OK | |
r-devel-linux-x86_64-debian-gcc | 5.1 | 39.48 | 67.18 | 106.66 | OK | |
r-devel-linux-x86_64-fedora-clang | 5.1 | 239.00 | 21.17 | 260.17 | OK | |
r-devel-linux-x86_64-fedora-gcc | 5.1 | 123.00 | 114.94 | 237.94 | OK | |
r-devel-windows-x86_64 | 5.1 | 96.00 | 117.00 | 213.00 | OK | |
r-patched-linux-x86_64 | 5.1 | 51.58 | 99.12 | 150.70 | OK | |
r-release-linux-x86_64 | 5.1 | 50.20 | 97.85 | 148.05 | OK | |
r-release-macos-arm64 | 5.1 | 26.00 | 36.00 | 62.00 | OK | |
r-release-macos-x86_64 | 5.1 | 42.00 | 131.00 | 173.00 | OK | |
r-release-windows-x86_64 | 5.1 | 103.00 | 120.00 | 223.00 | OK | |
r-oldrel-macos-arm64 | 5.1 | 22.00 | 42.00 | 64.00 | OK | |
r-oldrel-macos-x86_64 | 5.1 | 57.00 | 135.00 | 192.00 | NOTE | |
r-oldrel-windows-x86_64 | 5.1 | 105.00 | 154.00 | 259.00 | OK |
Version: 5.1
Check: installed package size
Result: NOTE
installed size is 5.0Mb
sub-directories of 1Mb or more:
data 2.1Mb
libs 1.7Mb
Flavor: r-oldrel-macos-x86_64
These binaries (installable software) and packages are in development.
They may not be fully stable and should be used with caution. We make no claims about them.