Last updated on 2025-02-16 10:50:42 CET.
Flavor | Version | Tinstall | Tcheck | Ttotal | Status | Flags |
---|---|---|---|---|---|---|
r-devel-linux-x86_64-debian-clang | 1.6.0 | 9.03 | 328.49 | 337.52 | NOTE | |
r-devel-linux-x86_64-debian-gcc | 1.6.0 | 5.77 | 230.58 | 236.35 | NOTE | |
r-devel-linux-x86_64-fedora-clang | 1.6.0 | 605.10 | OK | |||
r-devel-linux-x86_64-fedora-gcc | 1.6.0 | 583.89 | OK | |||
r-devel-macos-arm64 | 1.6.0 | 174.00 | OK | |||
r-devel-macos-x86_64 | 1.6.0 | 481.00 | OK | |||
r-devel-windows-x86_64 | 1.6.0 | 13.00 | 537.00 | 550.00 | NOTE | |
r-patched-linux-x86_64 | 1.6.0 | 13.21 | 311.39 | 324.60 | OK | |
r-release-linux-x86_64 | 1.6.0 | 7.68 | 315.07 | 322.75 | OK | |
r-release-macos-arm64 | 1.6.0 | 160.00 | OK | |||
r-release-macos-x86_64 | 1.6.0 | 325.00 | OK | |||
r-release-windows-x86_64 | 1.6.0 | 11.00 | 527.00 | 538.00 | OK | |
r-oldrel-macos-arm64 | 1.6.0 | 175.00 | OK | |||
r-oldrel-macos-x86_64 | 1.6.0 | 469.00 | OK | |||
r-oldrel-windows-x86_64 | 1.6.0 | 14.00 | 505.00 | 519.00 | OK |
Version: 1.6.0
Check: Rd cross-references
Result: NOTE
Found the following Rd file(s) with Rd \link{} targets missing package
anchors:
network.run.Rd: jags.model
Please provide package anchors for all Rd \link{} targets not in the
package itself and the base packages.
Flavors: r-devel-linux-x86_64-debian-clang, r-devel-linux-x86_64-debian-gcc, r-devel-windows-x86_64
These binaries (installable software) and packages are in development.
They may not be fully stable and should be used with caution. We make no claims about them.