Last updated on 2025-02-21 15:51:44 CET.
Flavor | Version | Tinstall | Tcheck | Ttotal | Status | Flags |
---|---|---|---|---|---|---|
r-devel-linux-x86_64-debian-clang | 0.1.2 | 2.75 | 652.39 | 655.14 | NOTE | |
r-devel-linux-x86_64-debian-gcc | 0.1.2 | 1.69 | 605.26 | 606.95 | NOTE | |
r-devel-linux-x86_64-fedora-clang | 0.1.2 | 855.86 | NOTE | |||
r-devel-linux-x86_64-fedora-gcc | 0.1.2 | 1350.12 | NOTE | |||
r-devel-macos-arm64 | 0.1.2 | 265.00 | OK | |||
r-devel-macos-x86_64 | 0.1.2 | 747.00 | NOTE | |||
r-devel-windows-x86_64 | 0.1.2 | 4.00 | 559.00 | 563.00 | NOTE | |
r-patched-linux-x86_64 | 0.1.2 | 3.29 | 773.83 | 777.12 | OK | |
r-release-linux-x86_64 | 0.1.2 | 2.51 | 792.59 | 795.10 | OK | |
r-release-macos-arm64 | 0.1.2 | 245.00 | OK | |||
r-release-macos-x86_64 | 0.1.2 | 340.00 | OK | |||
r-release-windows-x86_64 | 0.1.2 | 5.00 | 559.00 | 564.00 | OK | |
r-oldrel-macos-arm64 | 0.1.2 | 251.00 | OK | |||
r-oldrel-macos-x86_64 | 0.1.2 | 564.00 | OK | |||
r-oldrel-windows-x86_64 | 0.1.2 | 5.00 | 744.00 | 749.00 | OK |
Version: 0.1.2
Check: DESCRIPTION meta-information
Result: NOTE
Missing dependency on R >= 4.2.0 because package code uses the pipe
placeholder syntax added in R 4.2.0.
File(s) using such syntax:
‘bnns.R’
Flavors: r-devel-linux-x86_64-debian-clang, r-devel-linux-x86_64-debian-gcc, r-devel-linux-x86_64-fedora-clang, r-devel-linux-x86_64-fedora-gcc, r-devel-windows-x86_64
Version: 0.1.2
Check: dependencies in R code
Result: NOTE
Namespaces in Imports field not imported from:
‘BH’ ‘RcppEigen’
All declared Imports should be used.
Flavors: r-devel-linux-x86_64-fedora-clang, r-devel-linux-x86_64-fedora-gcc
Version: 0.1.2
Check: DESCRIPTION meta-information
Result: NOTE
Missing dependency on R >= 4.1.0 because package code uses the pipe
|> or function shorthand \(...) syntax added in R 4.1.0.
File(s) using such syntax:
‘bnns.R’ ‘measure.R’
Flavor: r-devel-macos-x86_64
These binaries (installable software) and packages are in development.
They may not be fully stable and should be used with caution. We make no claims about them.