Last updated on 2025-05-01 17:55:58 CEST.
Flavor | Version | Tinstall | Tcheck | Ttotal | Status | Flags |
---|---|---|---|---|---|---|
r-devel-linux-x86_64-debian-clang | 0.1.2 | 2.42 | 711.95 | 714.37 | NOTE | |
r-devel-linux-x86_64-debian-gcc | 0.1.2 | 1.89 | 675.48 | 677.37 | NOTE | |
r-devel-linux-x86_64-fedora-clang | 0.1.2 | 866.19 | NOTE | |||
r-devel-linux-x86_64-fedora-gcc | 0.1.2 | 1362.82 | NOTE | |||
r-devel-windows-x86_64 | 0.1.2 | 5.00 | 1217.00 | 1222.00 | NOTE | |
r-patched-linux-x86_64 | 0.1.2 | 3.31 | 895.31 | 898.62 | NOTE | |
r-release-linux-x86_64 | NOTE | |||||
r-release-macos-arm64 | 0.1.2 | 295.00 | NOTE | |||
r-release-macos-x86_64 | 0.1.2 | 747.00 | NOTE | |||
r-release-windows-x86_64 | 0.1.2 | 5.00 | 1231.00 | 1236.00 | NOTE | |
r-oldrel-macos-arm64 | 0.1.2 | 245.00 | OK | |||
r-oldrel-macos-x86_64 | 0.1.2 | 340.00 | OK | |||
r-oldrel-windows-x86_64 | 0.1.2 | 5.00 | 764.00 | 769.00 | OK |
Version: 0.1.2
Check: DESCRIPTION meta-information
Result: NOTE
Missing dependency on R >= 4.2.0 because package code uses the pipe
placeholder syntax added in R 4.2.0.
File(s) using such syntax:
‘bnns.R’
Flavors: r-devel-linux-x86_64-debian-clang, r-devel-linux-x86_64-debian-gcc, r-devel-linux-x86_64-fedora-clang, r-devel-linux-x86_64-fedora-gcc, r-devel-windows-x86_64, r-patched-linux-x86_64, r-release-linux-x86_64, r-release-macos-arm64, r-release-windows-x86_64
Version: 0.1.2
Check: dependencies in R code
Result: NOTE
Namespaces in Imports field not imported from:
‘BH’ ‘RcppEigen’
All declared Imports should be used.
Flavors: r-devel-linux-x86_64-fedora-clang, r-devel-linux-x86_64-fedora-gcc
Version: 0.1.2
Check: DESCRIPTION meta-information
Result: NOTE
Missing dependency on R >= 4.1.0 because package code uses the pipe
|> or function shorthand \(...) syntax added in R 4.1.0.
File(s) using such syntax:
‘bnns.R’ ‘measure.R’
Flavor: r-release-macos-x86_64
These binaries (installable software) and packages are in development.
They may not be fully stable and should be used with caution. We make no claims about them.