Last updated on 2025-10-23 17:50:43 CEST.
Flavor | Version | Tinstall | Tcheck | Ttotal | Status | Flags |
---|---|---|---|---|---|---|
r-devel-linux-x86_64-debian-clang | 0.1.2 | 2.75 | 715.31 | 718.06 | NOTE | |
r-devel-linux-x86_64-debian-gcc | 0.1.2 | 1.93 | 668.07 | 670.00 | NOTE | |
r-devel-linux-x86_64-fedora-clang | 0.1.2 | 13.00 | 917.21 | 930.21 | NOTE | |
r-devel-linux-x86_64-fedora-gcc | 0.1.2 | 1296.25 | NOTE | |||
r-devel-windows-x86_64 | 0.1.2 | 4.00 | 1281.00 | 1285.00 | NOTE | |
r-patched-linux-x86_64 | 0.1.2 | 2.42 | 889.69 | 892.11 | NOTE | |
r-release-linux-x86_64 | 0.1.2 | 2.34 | 865.40 | 867.74 | NOTE | |
r-release-macos-arm64 | 0.1.2 | 1.00 | 294.00 | 295.00 | NOTE | |
r-release-macos-x86_64 | 0.1.2 | 2.00 | 745.00 | 747.00 | NOTE | |
r-release-windows-x86_64 | 0.1.2 | 4.00 | 1313.00 | 1317.00 | NOTE | |
r-oldrel-macos-arm64 | 0.1.2 | 1.00 | 244.00 | 245.00 | OK | |
r-oldrel-macos-x86_64 | 0.1.2 | 2.00 | 338.00 | 340.00 | OK | |
r-oldrel-windows-x86_64 | 0.1.2 | 5.00 | 747.00 | 752.00 | OK |
Version: 0.1.2
Check: DESCRIPTION meta-information
Result: NOTE
Missing dependency on R >= 4.2.0 because package code uses the pipe
placeholder syntax added in R 4.2.0.
File(s) using such syntax:
‘bnns.R’
Flavors: r-devel-linux-x86_64-debian-clang, r-devel-linux-x86_64-debian-gcc, r-devel-linux-x86_64-fedora-clang, r-devel-linux-x86_64-fedora-gcc, r-devel-windows-x86_64, r-patched-linux-x86_64, r-release-linux-x86_64, r-release-macos-arm64, r-release-windows-x86_64
Version: 0.1.2
Check: dependencies in R code
Result: NOTE
Namespaces in Imports field not imported from:
‘BH’ ‘RcppEigen’
All declared Imports should be used.
Flavors: r-devel-linux-x86_64-fedora-clang, r-devel-linux-x86_64-fedora-gcc
Version: 0.1.2
Check: DESCRIPTION meta-information
Result: NOTE
Missing dependency on R >= 4.1.0 because package code uses the pipe
|> or function shorthand \(...) syntax added in R 4.1.0.
File(s) using such syntax:
‘bnns.R’ ‘measure.R’
Flavor: r-release-macos-x86_64
These binaries (installable software) and packages are in development.
They may not be fully stable and should be used with caution. We make no claims about them.