CRAN Package Check Results for Package bnpa

Last updated on 2025-05-22 06:51:40 CEST.

Flavor Version Tinstall Tcheck Ttotal Status Flags
r-devel-linux-x86_64-debian-clang 0.3.0 3.16 34.71 37.87 NOTE
r-devel-linux-x86_64-debian-gcc 0.3.0 2.29 26.41 28.70 NOTE
r-devel-linux-x86_64-fedora-clang 0.3.0 60.70 NOTE
r-devel-linux-x86_64-fedora-gcc 0.3.0 54.84 NOTE
r-devel-windows-x86_64 0.3.0 5.00 56.00 61.00 OK
r-patched-linux-x86_64 0.3.0 3.30 32.61 35.91 OK
r-release-linux-x86_64 0.3.0 2.97 33.10 36.07 OK
r-release-macos-arm64 0.3.0 23.00 OK
r-release-macos-x86_64 0.3.0 39.00 OK
r-release-windows-x86_64 0.3.0 5.00 57.00 62.00 OK
r-oldrel-macos-arm64 0.3.0 23.00 OK
r-oldrel-macos-x86_64 0.3.0 39.00 OK
r-oldrel-windows-x86_64 0.3.0 6.00 64.00 70.00 OK

Check Details

Version: 0.3.0
Check: CRAN incoming feasibility
Result: NOTE Maintainer: ‘Elias Carvalho <ecacarva@gmail.com>’ No Authors@R field in DESCRIPTION. Please add one, modifying Authors@R: c(person(given = "Elias", family = "Carvalho", role = c("aut", "cre"), email = "ecacarva@gmail.com"), person(given = c("Joao", "R", "N"), family = "Vissoci", role = "aut"), person(given = "Luciano", family = "Andrade", role = "aut"), person(given = "Wagner", family = "Machado", role = "aut"), person(given = c("Emerson", "P"), family = "Cabrera", role = "aut"), person(given = c("Julio", "C"), family = "Nievola", role = "aut")) as necessary. Flavors: r-devel-linux-x86_64-debian-clang, r-devel-linux-x86_64-debian-gcc

Version: 0.3.0
Check: dependencies in R code
Result: NOTE Namespaces in Imports field not imported from: ‘Rgraphviz’ ‘fastDummies’ All declared Imports should be used. Flavors: r-devel-linux-x86_64-fedora-clang, r-devel-linux-x86_64-fedora-gcc

These binaries (installable software) and packages are in development.
They may not be fully stable and should be used with caution. We make no claims about them.