Last updated on 2024-07-27 15:50:12 CEST.
Flavor | Version | Tinstall | Tcheck | Ttotal | Status | Flags |
---|---|---|---|---|---|---|
r-devel-linux-x86_64-debian-clang | 0.1.6 | 4.53 | 48.26 | 52.79 | NOTE | |
r-devel-linux-x86_64-debian-gcc | 0.1.6 | NOTE | ||||
r-devel-linux-x86_64-fedora-clang | 0.1.6 | 65.99 | NOTE | |||
r-devel-linux-x86_64-fedora-gcc | 0.1.6 | 63.28 | NOTE | |||
r-devel-windows-x86_64 | 0.1.6 | 5.00 | 59.00 | 64.00 | NOTE | |
r-patched-linux-x86_64 | 0.1.6 | NOTE | ||||
r-release-linux-x86_64 | 0.1.6 | 2.84 | 45.30 | 48.14 | NOTE | |
r-release-macos-arm64 | 0.1.6 | 26.00 | NOTE | |||
r-release-macos-x86_64 | 0.1.6 | 57.00 | NOTE | |||
r-release-windows-x86_64 | 0.1.6 | 6.00 | 58.00 | 64.00 | NOTE | |
r-oldrel-macos-arm64 | 0.1.6 | 25.00 | NOTE | |||
r-oldrel-macos-x86_64 | 0.1.6 | 40.00 | NOTE | |||
r-oldrel-windows-x86_64 | 0.1.6 | 6.00 | 65.00 | 71.00 | NOTE |
Version: 0.1.6
Check: Rd files
Result: NOTE
checkRd: (-1) strength.viewer.Rd:148: Lost braces in \itemize; meant \describe ?
checkRd: (-1) strength.viewer.Rd:149: Lost braces in \itemize; meant \describe ?
checkRd: (-1) strength.viewer.Rd:150: Lost braces in \itemize; meant \describe ?
checkRd: (-1) strength.viewer.Rd:151: Lost braces in \itemize; meant \describe ?
checkRd: (-1) strength.viewer.Rd:152: Lost braces in \itemize; meant \describe ?
Flavors: r-devel-linux-x86_64-debian-clang, r-devel-linux-x86_64-debian-gcc, r-devel-linux-x86_64-fedora-clang, r-devel-linux-x86_64-fedora-gcc, r-devel-windows-x86_64, r-patched-linux-x86_64, r-release-linux-x86_64, r-release-macos-arm64, r-release-macos-x86_64, r-release-windows-x86_64
Version: 0.1.6
Check: LazyData
Result: NOTE
'LazyData' is specified without a 'data' directory
Flavors: r-devel-linux-x86_64-debian-clang, r-devel-linux-x86_64-debian-gcc, r-devel-linux-x86_64-fedora-clang, r-devel-linux-x86_64-fedora-gcc, r-devel-windows-x86_64, r-patched-linux-x86_64, r-release-linux-x86_64, r-release-macos-arm64, r-release-macos-x86_64, r-release-windows-x86_64, r-oldrel-macos-arm64, r-oldrel-macos-x86_64, r-oldrel-windows-x86_64
Version: 0.1.6
Check: dependencies in R code
Result: NOTE
Namespaces in Imports field not imported from:
‘caret’ ‘e1071’
All declared Imports should be used.
Flavors: r-devel-linux-x86_64-fedora-clang, r-devel-linux-x86_64-fedora-gcc
These binaries (installable software) and packages are in development.
They may not be fully stable and should be used with caution. We make no claims about them.