Last updated on 2025-10-23 11:50:08 CEST.
Flavor | Version | Tinstall | Tcheck | Ttotal | Status | Flags |
---|---|---|---|---|---|---|
r-devel-linux-x86_64-debian-clang | 0.1.1 | 7.16 | 41.14 | 48.30 | NOTE | |
r-devel-linux-x86_64-debian-gcc | 0.1.1 | 6.04 | 30.39 | 36.43 | NOTE | |
r-devel-linux-x86_64-fedora-clang | 0.1.1 | 24.00 | 52.73 | 76.73 | NOTE | |
r-devel-linux-x86_64-fedora-gcc | 0.1.1 | 16.00 | 71.06 | 87.06 | NOTE | |
r-devel-windows-x86_64 | 0.1.1 | 9.00 | 56.00 | 65.00 | NOTE | |
r-patched-linux-x86_64 | 0.1.1 | 7.93 | 39.29 | 47.22 | NOTE | |
r-release-linux-x86_64 | 0.1.1 | 8.60 | 39.18 | 47.78 | NOTE | |
r-release-macos-arm64 | 0.1.1 | 6.00 | 27.00 | 33.00 | NOTE | |
r-release-macos-x86_64 | 0.1.1 | 10.00 | 52.00 | 62.00 | NOTE | |
r-release-windows-x86_64 | 0.1.1 | 10.00 | 56.00 | 66.00 | NOTE | |
r-oldrel-macos-arm64 | 0.1.1 | 6.00 | 30.00 | 36.00 | NOTE | |
r-oldrel-macos-x86_64 | 0.1.1 | 6.00 | 41.00 | 47.00 | NOTE | |
r-oldrel-windows-x86_64 | 0.1.1 | 10.00 | 69.00 | 79.00 | NOTE |
Version: 0.1.1
Check: Rd files
Result: NOTE
checkRd: (-1) refAnnots.Rd:10: Lost braces in \itemize; meant \describe ?
checkRd: (-1) refAnnots.Rd:11-12: Lost braces in \itemize; meant \describe ?
checkRd: (-1) untreatedAnnots.Rd:10: Lost braces in \itemize; meant \describe ?
checkRd: (-1) untreatedAnnots.Rd:11-12: Lost braces in \itemize; meant \describe ?
checkRd: (-1) untreatedAnnots.Rd:13-14: Lost braces in \itemize; meant \describe ?
Flavors: r-devel-linux-x86_64-debian-clang, r-devel-linux-x86_64-debian-gcc, r-devel-linux-x86_64-fedora-clang, r-devel-linux-x86_64-fedora-gcc, r-devel-windows-x86_64, r-patched-linux-x86_64, r-release-linux-x86_64, r-release-macos-arm64, r-release-macos-x86_64, r-release-windows-x86_64, r-oldrel-macos-arm64, r-oldrel-macos-x86_64, r-oldrel-windows-x86_64
Version: 0.1.1
Check: installed package size
Result: NOTE
installed size is 7.4Mb
sub-directories of 1Mb or more:
data 7.2Mb
Flavors: r-oldrel-macos-arm64, r-oldrel-macos-x86_64, r-oldrel-windows-x86_64
These binaries (installable software) and packages are in development.
They may not be fully stable and should be used with caution. We make no claims about them.