Last updated on 2025-05-08 04:52:00 CEST.
Flavor | Version | Tinstall | Tcheck | Ttotal | Status | Flags |
---|---|---|---|---|---|---|
r-devel-linux-x86_64-debian-clang | 1.0.0 | 2.25 | 18.72 | 20.97 | NOTE | |
r-devel-linux-x86_64-debian-gcc | 1.0.0 | 1.41 | 15.26 | 16.67 | NOTE | |
r-devel-linux-x86_64-fedora-clang | 1.0.0 | 32.79 | OK | |||
r-devel-linux-x86_64-fedora-gcc | 1.0.0 | 31.03 | OK | |||
r-devel-windows-x86_64 | 1.0.0 | 3.00 | 39.00 | 42.00 | OK | |
r-patched-linux-x86_64 | 1.0.0 | 2.40 | 18.09 | 20.49 | OK | |
r-release-linux-x86_64 | 1.0.0 | 1.95 | 18.14 | 20.09 | OK | |
r-release-macos-arm64 | 1.0.0 | 15.00 | OK | |||
r-release-macos-x86_64 | 1.0.0 | 23.00 | OK | |||
r-release-windows-x86_64 | 1.0.0 | 3.00 | 43.00 | 46.00 | OK | |
r-oldrel-macos-arm64 | 1.0.0 | 20.00 | OK | |||
r-oldrel-macos-x86_64 | 1.0.0 | 19.00 | OK | |||
r-oldrel-windows-x86_64 | 1.0.0 | 4.00 | 38.00 | 42.00 | OK |
Version: 1.0.0
Check: CRAN incoming feasibility
Result: NOTE
Maintainer: ‘Gleidson Mendes Rebouças <gleidsonreboucas@uern.br>’
No Authors@R field in DESCRIPTION.
Please add one, modifying
Authors@R: c(person(given = c("Gleidson", "Mendes"),
family = "Rebouças",
role = c("aut", "cre"),
email = "gleidsonreboucas@uern.br"),
person(given = c("Thiago", "Renee"),
family = "Felipe",
role = "aut"))
as necessary.
Flavors: r-devel-linux-x86_64-debian-clang, r-devel-linux-x86_64-debian-gcc
These binaries (installable software) and packages are in development.
They may not be fully stable and should be used with caution. We make no claims about them.