CRAN Package Check Results for Package bodycompref

Last updated on 2025-07-19 13:50:07 CEST.

Flavor Version Tinstall Tcheck Ttotal Status Flags
r-devel-linux-x86_64-debian-clang 2.0.1 8.49 73.70 82.19 OK
r-devel-linux-x86_64-debian-gcc 2.0.1 5.82 55.83 61.65 OK
r-devel-linux-x86_64-fedora-clang 2.0.1 132.07 OK
r-devel-linux-x86_64-fedora-gcc 2.0.1 137.97 OK
r-devel-windows-x86_64 2.0.1 8.00 84.00 92.00 OK
r-patched-linux-x86_64 2.0.1 8.39 70.90 79.29 OK
r-release-linux-x86_64 2.0.1 7.40 70.14 77.54 OK
r-release-macos-arm64 2.0.1 56.00 OK
r-release-macos-x86_64 2.0.1 92.00 OK
r-release-windows-x86_64 2.0.1 9.00 81.00 90.00 OK
r-oldrel-macos-arm64 2.0.1 55.00 NOTE
r-oldrel-macos-x86_64 2.0.1 142.00 NOTE
r-oldrel-windows-x86_64 2.0.1 13.00 102.00 115.00 NOTE

Check Details

Version: 2.0.1
Check: package dependencies
Result: NOTE Packages suggested but not available for checking: 'adiposerefdata', 'musclerefdata' Flavors: r-oldrel-macos-arm64, r-oldrel-macos-x86_64, r-oldrel-windows-x86_64

These binaries (installable software) and packages are in development.
They may not be fully stable and should be used with caution. We make no claims about them.