Last updated on 2025-05-01 15:49:26 CEST.
Flavor | Version | Tinstall | Tcheck | Ttotal | Status | Flags |
---|---|---|---|---|---|---|
r-devel-linux-x86_64-debian-clang | 2.0.1 | 9.00 | 73.57 | 82.57 | OK | |
r-devel-linux-x86_64-debian-gcc | 2.0.1 | 6.15 | 56.36 | 62.51 | OK | |
r-devel-linux-x86_64-fedora-clang | 2.0.1 | 133.38 | OK | |||
r-devel-linux-x86_64-fedora-gcc | 2.0.1 | 138.71 | OK | |||
r-devel-windows-x86_64 | 2.0.1 | 9.00 | 86.00 | 95.00 | OK | |
r-patched-linux-x86_64 | 2.0.1 | 7.97 | 69.95 | 77.92 | OK | |
r-release-linux-x86_64 | OK | |||||
r-release-macos-arm64 | 2.0.1 | 56.00 | OK | |||
r-release-macos-x86_64 | 2.0.1 | 92.00 | OK | |||
r-release-windows-x86_64 | 2.0.1 | 10.00 | 89.00 | 99.00 | OK | |
r-oldrel-macos-arm64 | 2.0.1 | 55.00 | NOTE | |||
r-oldrel-macos-x86_64 | 2.0.1 | 142.00 | NOTE | |||
r-oldrel-windows-x86_64 | 2.0.1 | 11.00 | 106.00 | 117.00 | NOTE |
Version: 2.0.1
Check: package dependencies
Result: NOTE
Packages suggested but not available for checking:
'adiposerefdata', 'musclerefdata'
Flavors: r-oldrel-macos-arm64, r-oldrel-macos-x86_64, r-oldrel-windows-x86_64
These binaries (installable software) and packages are in development.
They may not be fully stable and should be used with caution. We make no claims about them.