Last updated on 2025-10-03 03:50:33 CEST.
Flavor | Version | Tinstall | Tcheck | Ttotal | Status | Flags |
---|---|---|---|---|---|---|
r-devel-linux-x86_64-debian-clang | 2.0.1 | 8.15 | 75.28 | 83.43 | OK | |
r-devel-linux-x86_64-debian-gcc | 2.0.1 | 5.94 | 55.98 | 61.92 | OK | |
r-devel-linux-x86_64-fedora-clang | 2.0.1 | 130.10 | OK | |||
r-devel-linux-x86_64-fedora-gcc | 2.0.1 | 142.25 | OK | |||
r-devel-windows-x86_64 | 2.0.1 | 9.00 | 84.00 | 93.00 | OK | |
r-patched-linux-x86_64 | 2.0.1 | 7.90 | 71.88 | 79.78 | OK | |
r-release-linux-x86_64 | 2.0.1 | 8.09 | 71.79 | 79.88 | OK | |
r-release-macos-arm64 | 2.0.1 | 56.00 | OK | |||
r-release-macos-x86_64 | 2.0.1 | 92.00 | OK | |||
r-release-windows-x86_64 | 2.0.1 | 10.00 | 83.00 | 93.00 | OK | |
r-oldrel-macos-arm64 | 2.0.1 | 55.00 | NOTE | |||
r-oldrel-macos-x86_64 | 2.0.1 | 142.00 | NOTE | |||
r-oldrel-windows-x86_64 | 2.0.1 | 12.00 | 107.00 | 119.00 | NOTE |
Version: 2.0.1
Check: package dependencies
Result: NOTE
Packages suggested but not available for checking:
'adiposerefdata', 'musclerefdata'
Flavors: r-oldrel-macos-arm64, r-oldrel-macos-x86_64, r-oldrel-windows-x86_64
These binaries (installable software) and packages are in development.
They may not be fully stable and should be used with caution. We make no claims about them.