Last updated on 2025-02-19 16:50:42 CET.
Flavor | Version | Tinstall | Tcheck | Ttotal | Status | Flags |
---|---|---|---|---|---|---|
r-devel-linux-x86_64-debian-clang | 1.1.0 | 9.11 | 97.12 | 106.23 | OK | |
r-devel-linux-x86_64-debian-gcc | 1.1.0 | 6.41 | 67.87 | 74.28 | OK | |
r-devel-linux-x86_64-fedora-clang | 1.1.0 | 171.64 | OK | |||
r-devel-linux-x86_64-fedora-gcc | 1.1.0 | 164.29 | OK | |||
r-devel-macos-arm64 | 1.1.0 | 50.00 | OK | |||
r-devel-macos-x86_64 | 1.1.0 | 99.00 | OK | |||
r-devel-windows-x86_64 | 1.1.0 | 9.00 | 100.00 | 109.00 | OK | |
r-patched-linux-x86_64 | 1.1.0 | 9.61 | 91.96 | 101.57 | OK | |
r-release-linux-x86_64 | 1.1.0 | 9.63 | 90.21 | 99.84 | OK | |
r-release-macos-arm64 | 1.1.0 | 50.00 | OK | |||
r-release-macos-x86_64 | 1.1.0 | 88.00 | OK | |||
r-release-windows-x86_64 | 1.1.0 | 11.00 | 3.00 | 14.00 | FAIL | |
r-oldrel-macos-arm64 | 1.1.0 | 73.00 | OK | |||
r-oldrel-macos-x86_64 | 1.1.0 | 133.00 | OK | |||
r-oldrel-windows-x86_64 | 1.1.0 | 13.00 | 125.00 | 138.00 | OK |
Version: 1.1.0
Check: package dependencies
Result: FAIL
Flavor: r-release-windows-x86_64
These binaries (installable software) and packages are in development.
They may not be fully stable and should be used with caution. We make no claims about them.