CRAN Package Check Results for Package bonsaiforest

Last updated on 2025-07-03 17:52:09 CEST.

Flavor Version Tinstall Tcheck Ttotal Status Flags
r-devel-linux-x86_64-debian-clang 0.1.1 56.10 564.56 620.66 OK
r-devel-linux-x86_64-debian-gcc 0.1.1 43.98 489.08 533.06 OK
r-devel-linux-x86_64-fedora-clang 0.1.1 825.14 OK
r-devel-linux-x86_64-fedora-gcc 0.1.1 999.70 OK
r-devel-windows-x86_64 0.1.1 61.00 759.00 820.00 OK
r-patched-linux-x86_64 0.1.1 56.44 640.98 697.42 OK
r-release-linux-x86_64 0.1.1 52.25 621.60 673.85 OK
r-release-macos-arm64 0.1.1 270.00 OK
r-release-macos-x86_64 0.1.1 653.00 OK
r-release-windows-x86_64 0.1.1 60.00 786.00 846.00 OK
r-oldrel-macos-arm64 0.1.1 156.00 NOTE
r-oldrel-macos-x86_64 0.1.1 282.00 NOTE
r-oldrel-windows-x86_64 0.1.1 80.00 666.00 746.00 NOTE

Check Details

Version: 0.1.1
Check: installed package size
Result: NOTE installed size is 10.3Mb sub-directories of 1Mb or more: data 8.4Mb libs 1.3Mb Flavors: r-oldrel-macos-arm64, r-oldrel-macos-x86_64, r-oldrel-windows-x86_64

These binaries (installable software) and packages are in development.
They may not be fully stable and should be used with caution. We make no claims about them.