Last updated on 2025-05-08 04:52:00 CEST.
Flavor | Version | Tinstall | Tcheck | Ttotal | Status | Flags |
---|---|---|---|---|---|---|
r-devel-linux-x86_64-debian-clang | 0.1.1 | 55.96 | 566.31 | 622.27 | OK | |
r-devel-linux-x86_64-debian-gcc | 0.1.1 | 43.43 | 486.34 | 529.77 | OK | |
r-devel-linux-x86_64-fedora-clang | 0.1.1 | 831.13 | OK | |||
r-devel-linux-x86_64-fedora-gcc | 0.1.1 | 1086.65 | OK | |||
r-devel-windows-x86_64 | 0.1.1 | 63.00 | 770.00 | 833.00 | OK | |
r-patched-linux-x86_64 | 0.1.1 | 53.64 | 625.67 | 679.31 | OK | |
r-release-linux-x86_64 | 0.1.1 | 55.08 | 613.41 | 668.49 | OK | |
r-release-macos-arm64 | 0.1.1 | 270.00 | OK | |||
r-release-macos-x86_64 | 0.1.1 | 653.00 | OK | |||
r-release-windows-x86_64 | 0.1.1 | 62.00 | 832.00 | 894.00 | OK | |
r-oldrel-macos-arm64 | 0.1.1 | 156.00 | NOTE | |||
r-oldrel-macos-x86_64 | 0.1.1 | 282.00 | NOTE | |||
r-oldrel-windows-x86_64 | 0.1.1 | 82.00 | 648.00 | 730.00 | NOTE |
Version: 0.1.1
Check: installed package size
Result: NOTE
installed size is 10.3Mb
sub-directories of 1Mb or more:
data 8.4Mb
libs 1.3Mb
Flavors: r-oldrel-macos-arm64, r-oldrel-macos-x86_64, r-oldrel-windows-x86_64
These binaries (installable software) and packages are in development.
They may not be fully stable and should be used with caution. We make no claims about them.