Last updated on 2025-10-25 05:49:57 CEST.
| Flavor | Version | Tinstall | Tcheck | Ttotal | Status | Flags |
|---|---|---|---|---|---|---|
| r-devel-linux-x86_64-debian-clang | 0.1.1 | 54.09 | 586.62 | 640.71 | OK | |
| r-devel-linux-x86_64-debian-gcc | 0.1.1 | 41.82 | 506.89 | 548.71 | OK | |
| r-devel-linux-x86_64-fedora-clang | 0.1.1 | 250.00 | 675.45 | 925.45 | OK | |
| r-devel-linux-x86_64-fedora-gcc | 0.1.1 | 120.00 | 943.48 | 1063.48 | OK | |
| r-devel-windows-x86_64 | 0.1.1 | 64.00 | 818.00 | 882.00 | OK | |
| r-patched-linux-x86_64 | 0.1.1 | 54.79 | 656.58 | 711.37 | OK | |
| r-release-linux-x86_64 | 0.1.1 | 56.69 | 634.27 | 690.96 | OK | |
| r-release-macos-arm64 | 0.1.1 | 33.00 | 237.00 | 270.00 | OK | |
| r-release-macos-x86_64 | 0.1.1 | 61.00 | 592.00 | 653.00 | OK | |
| r-release-windows-x86_64 | 0.1.1 | 63.00 | 798.00 | 861.00 | OK | |
| r-oldrel-macos-arm64 | 0.1.1 | 28.00 | 128.00 | 156.00 | NOTE | |
| r-oldrel-macos-x86_64 | 0.1.1 | 48.00 | 234.00 | 282.00 | NOTE | |
| r-oldrel-windows-x86_64 | 0.1.1 | 81.00 | 651.00 | 732.00 | NOTE |
Version: 0.1.1
Check: installed package size
Result: NOTE
installed size is 10.3Mb
sub-directories of 1Mb or more:
data 8.4Mb
libs 1.3Mb
Flavors: r-oldrel-macos-arm64, r-oldrel-macos-x86_64, r-oldrel-windows-x86_64
These binaries (installable software) and packages are in development.
They may not be fully stable and should be used with caution. We make no claims about them.