Last updated on 2025-02-16 10:50:42 CET.
Flavor | Version | Tinstall | Tcheck | Ttotal | Status | Flags |
---|---|---|---|---|---|---|
r-devel-linux-x86_64-debian-clang | 0.1.1 | 56.30 | 517.13 | 573.43 | OK | |
r-devel-linux-x86_64-debian-gcc | 0.1.1 | 42.96 | 445.86 | 488.82 | OK | |
r-devel-linux-x86_64-fedora-clang | 0.1.1 | 852.56 | OK | |||
r-devel-linux-x86_64-fedora-gcc | 0.1.1 | 1090.69 | OK | |||
r-devel-macos-arm64 | 0.1.1 | 254.00 | OK | |||
r-devel-macos-x86_64 | 0.1.1 | 653.00 | OK | |||
r-devel-windows-x86_64 | 0.1.1 | 58.00 | 462.00 | 520.00 | OK | |
r-patched-linux-x86_64 | 0.1.1 | 55.69 | 563.15 | 618.84 | OK | |
r-release-linux-x86_64 | 0.1.1 | 50.91 | 581.90 | 632.81 | OK | |
r-release-macos-arm64 | 0.1.1 | 156.00 | NOTE | |||
r-release-macos-x86_64 | 0.1.1 | 282.00 | NOTE | |||
r-release-windows-x86_64 | 0.1.1 | 59.00 | 465.00 | 524.00 | NOTE | |
r-oldrel-macos-arm64 | 0.1.1 | 228.00 | NOTE | |||
r-oldrel-macos-x86_64 | 0.1.1 | 308.00 | NOTE | |||
r-oldrel-windows-x86_64 | 0.1.1 | 76.00 | 598.00 | 674.00 | NOTE |
Version: 0.1.1
Check: installed package size
Result: NOTE
installed size is 10.3Mb
sub-directories of 1Mb or more:
data 8.4Mb
libs 1.3Mb
Flavors: r-release-macos-arm64, r-release-macos-x86_64, r-release-windows-x86_64, r-oldrel-macos-arm64, r-oldrel-macos-x86_64, r-oldrel-windows-x86_64
These binaries (installable software) and packages are in development.
They may not be fully stable and should be used with caution. We make no claims about them.