Last updated on 2025-05-21 21:49:11 CEST.
Flavor | Version | Tinstall | Tcheck | Ttotal | Status | Flags |
---|---|---|---|---|---|---|
r-devel-linux-x86_64-debian-clang | 1.0.0 | 138.98 | 34.80 | 173.78 | OK | |
r-devel-linux-x86_64-debian-gcc | 1.0.0 | 110.26 | 53.98 | 164.24 | OK | |
r-devel-linux-x86_64-fedora-clang | 1.0.0 | 321.41 | OK | |||
r-devel-linux-x86_64-fedora-gcc | 1.0.0 | 421.98 | OK | |||
r-devel-windows-x86_64 | 1.0.0 | 158.00 | 95.00 | 253.00 | OK | |
r-patched-linux-x86_64 | 1.0.0 | 158.99 | 72.04 | 231.03 | OK | |
r-release-linux-x86_64 | 1.0.0 | 161.27 | 71.45 | 232.72 | OK | |
r-release-macos-arm64 | 1.0.0 | 68.00 | OK | |||
r-release-macos-x86_64 | 1.0.0 | 103.00 | OK | |||
r-release-windows-x86_64 | 1.0.0 | 157.00 | 91.00 | 248.00 | OK | |
r-oldrel-macos-arm64 | 1.0.0 | 12.00 | ERROR | |||
r-oldrel-macos-x86_64 | 1.0.0 | 97.00 | NOTE | |||
r-oldrel-windows-x86_64 | 1.0.0 | 192.00 | 101.00 | 293.00 | OK |
Version: 1.0.0
Check: whether package can be installed
Result: ERROR
Installation failed.
Flavor: r-oldrel-macos-arm64
Version: 1.0.0
Check: installed package size
Result: NOTE
installed size is 13.2Mb
sub-directories of 1Mb or more:
libs 12.3Mb
Flavor: r-oldrel-macos-x86_64
These binaries (installable software) and packages are in development.
They may not be fully stable and should be used with caution. We make no claims about them.