CRAN Package Check Results for Package boot.heterogeneity

Last updated on 2025-02-16 10:50:42 CET.

Flavor Version Tinstall Tcheck Ttotal Status Flags
r-devel-linux-x86_64-debian-clang 1.1.5 6.96 67.19 74.15 OK
r-devel-linux-x86_64-debian-gcc 1.1.5 5.56 50.38 55.94 OK
r-devel-linux-x86_64-fedora-clang 1.1.5 124.04 NOTE
r-devel-linux-x86_64-fedora-gcc 1.1.5 127.89 NOTE
r-devel-macos-arm64 1.1.5 46.00 OK
r-devel-macos-x86_64 1.1.5 82.00 OK
r-devel-windows-x86_64 1.1.5 9.00 80.00 89.00 OK
r-patched-linux-x86_64 1.1.5 6.92 63.17 70.09 OK
r-release-linux-x86_64 1.1.5 6.34 63.54 69.88 OK
r-release-macos-arm64 1.1.5 41.00 OK
r-release-macos-x86_64 1.1.5 65.00 OK
r-release-windows-x86_64 1.1.5 9.00 81.00 90.00 OK
r-oldrel-macos-arm64 1.1.5 45.00 OK
r-oldrel-macos-x86_64 1.1.5 73.00 OK
r-oldrel-windows-x86_64 1.1.5 11.00 124.00 135.00 OK

Check Details

Version: 1.1.5
Check: dependencies in R code
Result: NOTE Namespaces in Imports field not imported from: ‘HSAUR3’ ‘knitr’ ‘rmarkdown’ All declared Imports should be used. Flavors: r-devel-linux-x86_64-fedora-clang, r-devel-linux-x86_64-fedora-gcc

These binaries (installable software) and packages are in development.
They may not be fully stable and should be used with caution. We make no claims about them.