Last updated on 2025-10-24 13:49:33 CEST.
| Flavor | Version | Tinstall | Tcheck | Ttotal | Status | Flags |
|---|---|---|---|---|---|---|
| r-devel-linux-x86_64-debian-clang | 1.1.5 | 6.51 | 71.08 | 77.59 | OK | |
| r-devel-linux-x86_64-debian-gcc | 1.1.5 | 5.30 | 54.38 | 59.68 | OK | |
| r-devel-linux-x86_64-fedora-clang | 1.1.5 | 32.00 | 93.28 | 125.28 | NOTE | |
| r-devel-linux-x86_64-fedora-gcc | 1.1.5 | 15.00 | 117.10 | 132.10 | NOTE | |
| r-devel-windows-x86_64 | 1.1.5 | 9.00 | 80.00 | 89.00 | OK | |
| r-patched-linux-x86_64 | 1.1.5 | 6.63 | 66.65 | 73.28 | OK | |
| r-release-linux-x86_64 | 1.1.5 | 6.84 | 66.81 | 73.65 | OK | |
| r-release-macos-arm64 | 1.1.5 | 4.00 | 55.00 | 59.00 | OK | |
| r-release-macos-x86_64 | 1.1.5 | 6.00 | 82.00 | 88.00 | OK | |
| r-release-windows-x86_64 | 1.1.5 | 10.00 | 82.00 | 92.00 | OK | |
| r-oldrel-macos-arm64 | 1.1.5 | 3.00 | 38.00 | 41.00 | OK | |
| r-oldrel-macos-x86_64 | 1.1.5 | 5.00 | 60.00 | 65.00 | OK | |
| r-oldrel-windows-x86_64 | 1.1.5 | 12.00 | 101.00 | 113.00 | OK |
Version: 1.1.5
Check: dependencies in R code
Result: NOTE
Namespaces in Imports field not imported from:
‘HSAUR3’ ‘knitr’ ‘rmarkdown’
All declared Imports should be used.
Flavors: r-devel-linux-x86_64-fedora-clang, r-devel-linux-x86_64-fedora-gcc
These binaries (installable software) and packages are in development.
They may not be fully stable and should be used with caution. We make no claims about them.