CRAN Package Check Results for Package boot.heterogeneity

Last updated on 2025-05-08 04:52:00 CEST.

Flavor Version Tinstall Tcheck Ttotal Status Flags
r-devel-linux-x86_64-debian-clang 1.1.5 6.97 68.80 75.77 OK
r-devel-linux-x86_64-debian-gcc 1.1.5 4.84 53.51 58.35 OK
r-devel-linux-x86_64-fedora-clang 1.1.5 118.34 NOTE
r-devel-linux-x86_64-fedora-gcc 1.1.5 127.20 NOTE
r-devel-windows-x86_64 1.1.5 8.00 80.00 88.00 OK
r-patched-linux-x86_64 1.1.5 5.98 65.41 71.39 OK
r-release-linux-x86_64 1.1.5 6.46 64.88 71.34 OK
r-release-macos-arm64 1.1.5 59.00 OK
r-release-macos-x86_64 1.1.5 88.00 OK
r-release-windows-x86_64 1.1.5 8.00 82.00 90.00 OK
r-oldrel-macos-arm64 1.1.5 41.00 OK
r-oldrel-macos-x86_64 1.1.5 65.00 OK
r-oldrel-windows-x86_64 1.1.5 10.00 102.00 112.00 OK

Check Details

Version: 1.1.5
Check: dependencies in R code
Result: NOTE Namespaces in Imports field not imported from: ‘HSAUR3’ ‘knitr’ ‘rmarkdown’ All declared Imports should be used. Flavors: r-devel-linux-x86_64-fedora-clang, r-devel-linux-x86_64-fedora-gcc

These binaries (installable software) and packages are in development.
They may not be fully stable and should be used with caution. We make no claims about them.