Last updated on 2025-05-01 12:49:23 CEST.
Flavor | Version | Tinstall | Tcheck | Ttotal | Status | Flags |
---|---|---|---|---|---|---|
r-devel-linux-x86_64-debian-clang | 1.3-31 | 7.09 | 83.53 | 90.62 | NOTE | |
r-devel-linux-x86_64-debian-gcc | 1.3-31 | 4.65 | 55.10 | 59.75 | OK | |
r-devel-linux-x86_64-fedora-clang | 1.3-31 | 140.26 | OK | |||
r-devel-linux-x86_64-fedora-gcc | 1.3-31 | 130.99 | OK | |||
r-devel-windows-x86_64 | 1.3-31 | 8.00 | 114.00 | 122.00 | OK | |
r-patched-linux-x86_64 | 1.3-31 | 6.31 | 78.21 | 84.52 | OK | |
r-release-linux-x86_64 | OK | |||||
r-release-macos-arm64 | 1.3-31 | 41.00 | OK | |||
r-release-macos-x86_64 | 1.3-31 | 75.00 | OK | |||
r-release-windows-x86_64 | 1.3-31 | 10.00 | 125.00 | 135.00 | OK | |
r-oldrel-macos-arm64 | 1.3-31 | 39.00 | OK | |||
r-oldrel-macos-x86_64 | 1.3-31 | 125.00 | OK | |||
r-oldrel-windows-x86_64 | 1.3-31 | 10.00 | 126.00 | 136.00 | OK |
Version: 1.3-31
Check: examples
Result: NOTE
Examples with CPU (user + system) or elapsed time > 5s
user system elapsed
censboot 13.506 0.117 16.018
boot 5.097 0.000 6.259
tilt.boot 4.529 0.000 5.581
Flavor: r-devel-linux-x86_64-debian-clang
Version: 1.3-31
Check: examples
Result: NA
user system elapsed
censboot 8.497 0.126 10.993
OK
Flavor: r-devel-linux-x86_64-debian-gcc
These binaries (installable software) and packages are in development.
They may not be fully stable and should be used with caution. We make no claims about them.