Last updated on 2025-10-23 19:50:09 CEST.
Flavor | Version | Tinstall | Tcheck | Ttotal | Status | Flags |
---|---|---|---|---|---|---|
r-devel-linux-x86_64-debian-clang | 2.1.0 | 26.89 | 623.05 | 649.94 | NOTE | |
r-devel-linux-x86_64-debian-gcc | 2.1.0 | 15.98 | 360.37 | 376.35 | NOTE | |
r-devel-linux-x86_64-fedora-clang | 2.1.0 | 138.00 | 1003.11 | 1141.11 | OK | |
r-devel-linux-x86_64-fedora-gcc | 2.1.0 | 58.00 | 997.96 | 1055.96 | OK | |
r-devel-windows-x86_64 | 2.1.0 | 33.00 | 547.00 | 580.00 | OK | |
r-patched-linux-x86_64 | 2.1.0 | 25.71 | 569.85 | 595.56 | OK | |
r-release-linux-x86_64 | 2.1.0 | 26.77 | 568.96 | 595.73 | OK | |
r-release-macos-arm64 | 2.1.0 | 11.00 | 224.00 | 235.00 | OK | |
r-release-macos-x86_64 | 2.1.0 | 21.00 | 503.00 | 524.00 | OK | |
r-release-windows-x86_64 | 2.1.0 | 32.00 | 552.00 | 584.00 | OK | |
r-oldrel-macos-arm64 | 2.1.0 | 12.00 | 202.00 | 214.00 | OK | |
r-oldrel-macos-x86_64 | 2.1.0 | 16.00 | 333.00 | 349.00 | OK | |
r-oldrel-windows-x86_64 | 2.1.0 | 41.00 | 688.00 | 729.00 | OK |
Version: 2.1.0
Check: CRAN incoming feasibility
Result: NOTE
Maintainer: ‘Gianmarco Vacca <gianmarco.vacca@unicatt.it>’
No Authors@R field in DESCRIPTION.
Please add one, modifying
Authors@R: c(person(given = "Gianmarco",
family = "Vacca",
role = c("aut", "cre"),
email = "gianmarco.vacca@unicatt.it"),
person(given = "Stefano",
family = "Bertelli",
role = "aut"))
as necessary.
Flavors: r-devel-linux-x86_64-debian-clang, r-devel-linux-x86_64-debian-gcc
Version: 2.1.0
Check: HTML version of manual
Result: NOTE
Found the following HTML validation problems:
ardl_to_lm.html:54:1 (ardl_to_lm.Rd:14): Warning: missing </ul> before </div>
strip_formula_H0.html:58:1 (strip_formula_H0.Rd:16): Warning: missing </ul> before </div>
strip_formula_UC.html:54:1 (strip_formula_UC.Rd:14): Warning: missing </ul> before </div>
Flavor: r-devel-linux-x86_64-debian-clang
These binaries (installable software) and packages are in development.
They may not be fully stable and should be used with caution. We make no claims about them.