Last updated on 2025-07-26 01:50:45 CEST.
Flavor | Version | Tinstall | Tcheck | Ttotal | Status | Flags |
---|---|---|---|---|---|---|
r-devel-linux-x86_64-debian-clang | 2.1.0 | 28.47 | 621.76 | 650.23 | NOTE | |
r-devel-linux-x86_64-debian-gcc | 2.1.0 | 20.27 | 362.55 | 382.82 | NOTE | |
r-devel-linux-x86_64-fedora-clang | 2.1.0 | 1072.92 | OK | |||
r-devel-linux-x86_64-fedora-gcc | 2.1.0 | 1047.41 | OK | |||
r-devel-windows-x86_64 | 2.1.0 | 30.00 | 542.00 | 572.00 | OK | |
r-patched-linux-x86_64 | 2.1.0 | 26.47 | 565.85 | 592.32 | OK | |
r-release-linux-x86_64 | 2.1.0 | 25.52 | 573.07 | 598.59 | OK | |
r-release-macos-arm64 | 2.1.0 | 235.00 | OK | |||
r-release-macos-x86_64 | 2.1.0 | 524.00 | OK | |||
r-release-windows-x86_64 | 2.1.0 | 31.00 | 525.00 | 556.00 | OK | |
r-oldrel-macos-arm64 | 2.1.0 | 214.00 | OK | |||
r-oldrel-macos-x86_64 | 2.1.0 | 349.00 | OK | |||
r-oldrel-windows-x86_64 | 2.1.0 | 40.00 | 705.00 | 745.00 | OK |
Version: 2.1.0
Check: CRAN incoming feasibility
Result: NOTE
Maintainer: ‘Gianmarco Vacca <gianmarco.vacca@unicatt.it>’
No Authors@R field in DESCRIPTION.
Please add one, modifying
Authors@R: c(person(given = "Gianmarco",
family = "Vacca",
role = c("aut", "cre"),
email = "gianmarco.vacca@unicatt.it"),
person(given = "Stefano",
family = "Bertelli",
role = "aut"))
as necessary.
Flavors: r-devel-linux-x86_64-debian-clang, r-devel-linux-x86_64-debian-gcc
These binaries (installable software) and packages are in development.
They may not be fully stable and should be used with caution. We make no claims about them.