Last updated on 2025-05-01 08:52:28 CEST.
Flavor | Version | Tinstall | Tcheck | Ttotal | Status | Flags |
---|---|---|---|---|---|---|
r-devel-linux-x86_64-debian-clang | 0.1.0 | 12.46 | 37.24 | 49.70 | OK | |
r-devel-linux-x86_64-debian-gcc | 0.1.0 | 7.42 | 28.99 | 36.41 | OK | |
r-devel-linux-x86_64-fedora-clang | 0.1.0 | 84.22 | NOTE | |||
r-devel-linux-x86_64-fedora-gcc | 0.1.0 | 94.24 | NOTE | |||
r-devel-windows-x86_64 | 0.1.0 | 10.00 | 58.00 | 68.00 | OK | |
r-patched-linux-x86_64 | 0.1.0 | 11.71 | 34.80 | 46.51 | OK | |
r-release-linux-x86_64 | OK | |||||
r-release-macos-arm64 | 0.1.0 | 42.00 | OK | |||
r-release-macos-x86_64 | 0.1.0 | 62.00 | OK | |||
r-release-windows-x86_64 | 0.1.0 | 10.00 | 61.00 | 71.00 | OK | |
r-oldrel-macos-arm64 | 0.1.0 | 33.00 | OK | |||
r-oldrel-macos-x86_64 | 0.1.0 | 47.00 | OK | |||
r-oldrel-windows-x86_64 | 0.1.0 | 10.00 | 68.00 | 78.00 | OK |
Version: 0.1.0
Check: dependencies in R code
Result: NOTE
Namespace in Imports field not imported from: ‘R6’
All declared Imports should be used.
Flavors: r-devel-linux-x86_64-fedora-clang, r-devel-linux-x86_64-fedora-gcc
These binaries (installable software) and packages are in development.
They may not be fully stable and should be used with caution. We make no claims about them.