CRAN Package Check Results for Package bootLR

Last updated on 2025-05-01 15:49:26 CEST.

Flavor Version Tinstall Tcheck Ttotal Status Flags
r-devel-linux-x86_64-debian-clang 1.0.2 2.10 59.61 61.71 NOTE
r-devel-linux-x86_64-debian-gcc 1.0.2 1.47 43.18 44.65 NOTE
r-devel-linux-x86_64-fedora-clang 1.0.2 101.58 OK
r-devel-linux-x86_64-fedora-gcc 1.0.2 99.02 OK
r-devel-windows-x86_64 1.0.2 3.00 88.00 91.00 OK
r-patched-linux-x86_64 1.0.2 2.05 57.25 59.30 OK
r-release-linux-x86_64 OK
r-release-macos-arm64 1.0.2 33.00 OK
r-release-macos-x86_64 1.0.2 99.00 OK
r-release-windows-x86_64 1.0.2 3.00 91.00 94.00 OK
r-oldrel-macos-arm64 1.0.2 36.00 NOTE
r-oldrel-macos-x86_64 1.0.2 81.00 NOTE
r-oldrel-windows-x86_64 1.0.2 3.00 100.00 103.00 NOTE

Check Details

Version: 1.0.2
Check: CRAN incoming feasibility
Result: NOTE Maintainer: ‘Ari B. Friedman <abfriedman@gmail.com>’ No Authors@R field in DESCRIPTION. Please add one, modifying Authors@R: c(person(given = c("Keith", "A."), family = "Marill", role = "aut"), person(given = c("Ari", "B."), family = "Friedman", role = c("aut", "cre"), email = "abfriedman@gmail.com")) as necessary. Flavors: r-devel-linux-x86_64-debian-clang, r-devel-linux-x86_64-debian-gcc

Version: 1.0.2
Check: LazyData
Result: NOTE 'LazyData' is specified without a 'data' directory Flavors: r-oldrel-macos-arm64, r-oldrel-macos-x86_64, r-oldrel-windows-x86_64

These binaries (installable software) and packages are in development.
They may not be fully stable and should be used with caution. We make no claims about them.