Last updated on 2025-10-25 09:49:25 CEST.
| Flavor | Version | Tinstall | Tcheck | Ttotal | Status | Flags |
|---|---|---|---|---|---|---|
| r-devel-linux-x86_64-debian-clang | 1.0.4 | 37.08 | 84.70 | 121.78 | OK | |
| r-devel-linux-x86_64-debian-gcc | 1.0.4 | 27.94 | 58.97 | 86.91 | OK | |
| r-devel-linux-x86_64-fedora-clang | 1.0.4 | 146.00 | 72.45 | 218.45 | OK | |
| r-devel-linux-x86_64-fedora-gcc | 1.0.4 | 87.00 | 128.26 | 215.26 | OK | |
| r-devel-windows-x86_64 | 1.0.4 | 46.00 | 141.00 | 187.00 | OK | |
| r-patched-linux-x86_64 | 1.0.4 | 38.44 | 79.65 | 118.09 | OK | |
| r-release-linux-x86_64 | 1.0.4 | 40.67 | 78.87 | 119.54 | OK | |
| r-release-macos-arm64 | 1.0.4 | 16.00 | 57.00 | 73.00 | OK | |
| r-release-macos-x86_64 | 1.0.4 | 33.00 | 107.00 | 140.00 | OK | |
| r-release-windows-x86_64 | 1.0.4 | 48.00 | 143.00 | 191.00 | OK | |
| r-oldrel-macos-arm64 | 1.0.4 | 9.00 | 36.00 | 45.00 | NOTE | |
| r-oldrel-macos-x86_64 | 1.0.4 | 15.00 | 58.00 | 73.00 | NOTE | |
| r-oldrel-windows-x86_64 | 1.0.4 | 54.00 | 180.00 | 234.00 | NOTE |
Version: 1.0.4
Check: installed package size
Result: NOTE
installed size is 5.1Mb
sub-directories of 1Mb or more:
libs 4.7Mb
Flavors: r-oldrel-macos-arm64, r-oldrel-macos-x86_64
Version: 1.0.4
Check: for GNU extensions in Makefiles
Result: NOTE
GNU make is a SystemRequirements.
Flavors: r-oldrel-macos-arm64, r-oldrel-macos-x86_64, r-oldrel-windows-x86_64
These binaries (installable software) and packages are in development.
They may not be fully stable and should be used with caution. We make no claims about them.