Last updated on 2025-05-01 12:49:23 CEST.
Flavor | Version | Tinstall | Tcheck | Ttotal | Status | Flags |
---|---|---|---|---|---|---|
r-devel-linux-x86_64-debian-clang | 2019.6 | 3.19 | 32.11 | 35.30 | NOTE | |
r-devel-linux-x86_64-debian-gcc | 2019.6 | 2.44 | 23.96 | 26.40 | NOTE | |
r-devel-linux-x86_64-fedora-clang | 2019.6 | 58.22 | OK | |||
r-devel-linux-x86_64-fedora-gcc | 2019.6 | 54.57 | OK | |||
r-devel-windows-x86_64 | 2019.6 | 5.00 | 56.00 | 61.00 | OK | |
r-patched-linux-x86_64 | 2019.6 | 2.98 | 30.91 | 33.89 | OK | |
r-release-linux-x86_64 | OK | |||||
r-release-macos-arm64 | 2019.6 | 20.00 | OK | |||
r-release-macos-x86_64 | 2019.6 | 55.00 | OK | |||
r-release-windows-x86_64 | 2019.6 | 8.00 | 61.00 | 69.00 | OK | |
r-oldrel-macos-arm64 | 2019.6 | 26.00 | OK | |||
r-oldrel-macos-x86_64 | 2019.6 | 31.00 | OK | |||
r-oldrel-windows-x86_64 | 2019.6 | 7.00 | 55.00 | 62.00 | OK |
Version: 2019.6
Check: CRAN incoming feasibility
Result: NOTE
Maintainer: ‘Scott Kostyshak <scott.kostyshak@gmail.com>’
No Authors@R field in DESCRIPTION.
Please add one, modifying
Authors@R: c(person(given = "S",
family = "original",
role = "aut"),
person(given = "from",
family = "StatLib",
role = "aut"),
person(given = c("by", "Rob", "Tibshirani.", "R", "port", "by", "Friedrich"),
family = "Leisch.",
role = "aut"),
person(given = "Scott",
family = "Kostyshak",
role = "cre",
email = "scott.kostyshak@gmail.com"))
as necessary.
Flavors: r-devel-linux-x86_64-debian-clang, r-devel-linux-x86_64-debian-gcc
Version: 2019.6
Check: examples
Result: NOTE
Examples with CPU (user + system) or elapsed time > 5s
user system elapsed
tooth 6.078 0.003 6.815
Flavor: r-devel-linux-x86_64-debian-clang
These binaries (installable software) and packages are in development.
They may not be fully stable and should be used with caution. We make no claims about them.