CRAN Package Check Results for Package boussinesq

Last updated on 2025-10-23 21:51:22 CEST.

Flavor Version Tinstall Tcheck Ttotal Status Flags
r-devel-linux-x86_64-debian-clang 1.0.6 1.70 20.37 22.07 NOTE
r-devel-linux-x86_64-debian-gcc 1.0.6 1.37 16.76 18.13 NOTE
r-devel-linux-x86_64-fedora-clang 1.0.6 32.69 OK
r-devel-linux-x86_64-fedora-gcc 1.0.6 30.83 OK
r-devel-windows-x86_64 1.0.6 2.00 37.00 39.00 OK
r-patched-linux-x86_64 1.0.6 1.69 19.26 20.95 OK
r-release-linux-x86_64 1.0.6 1.46 19.18 20.64 OK
r-release-macos-arm64 1.0.6 1.00 14.00 15.00 OK
r-release-macos-x86_64 1.0.6 2.00 29.00 31.00 OK
r-release-windows-x86_64 1.0.6 3.00 41.00 44.00 OK
r-oldrel-macos-arm64 1.0.6 1.00 19.00 20.00 OK
r-oldrel-macos-x86_64 1.0.6 2.00 25.00 27.00 OK
r-oldrel-windows-x86_64 1.0.6 3.00 39.00 42.00 OK

Check Details

Version: 1.0.6
Check: CRAN incoming feasibility
Result: NOTE Maintainer: ‘Emanuele Cordano <emanuele.cordano@gmail.com>’ No Authors@R field in DESCRIPTION. Please add one, modifying Authors@R: person(given = "Emanuele", family = "Cordano", role = c("aut", "cre"), email = "emanuele.cordano@gmail.com") as necessary. Flavors: r-devel-linux-x86_64-debian-clang, r-devel-linux-x86_64-debian-gcc

These binaries (installable software) and packages are in development.
They may not be fully stable and should be used with caution. We make no claims about them.