Last updated on 2025-11-17 13:49:31 CET.
| Flavor | Version | Tinstall | Tcheck | Ttotal | Status | Flags |
|---|---|---|---|---|---|---|
| r-devel-linux-x86_64-debian-clang | 1.0.6 | 1.73 | 20.16 | 21.89 | NOTE | |
| r-devel-linux-x86_64-debian-gcc | 1.0.6 | 1.35 | 17.26 | 18.61 | NOTE | |
| r-devel-linux-x86_64-fedora-clang | 1.0.6 | 33.06 | OK | |||
| r-devel-linux-x86_64-fedora-gcc | 1.0.6 | 30.83 | OK | |||
| r-devel-windows-x86_64 | 1.0.6 | 2.00 | 36.00 | 38.00 | OK | |
| r-patched-linux-x86_64 | 1.0.6 | 1.72 | 19.13 | 20.85 | OK | |
| r-release-linux-x86_64 | 1.0.6 | 1.59 | 19.07 | 20.66 | OK | |
| r-release-macos-arm64 | 1.0.6 | 1.00 | 14.00 | 15.00 | OK | |
| r-release-macos-x86_64 | 1.0.6 | 2.00 | 29.00 | 31.00 | OK | |
| r-release-windows-x86_64 | 1.0.6 | 3.00 | 36.00 | 39.00 | OK | |
| r-oldrel-macos-arm64 | 1.0.6 | 1.00 | 19.00 | 20.00 | OK | |
| r-oldrel-macos-x86_64 | 1.0.6 | 2.00 | 25.00 | 27.00 | OK | |
| r-oldrel-windows-x86_64 | 1.0.6 | 3.00 | 39.00 | 42.00 | OK |
Version: 1.0.6
Check: CRAN incoming feasibility
Result: NOTE
Maintainer: ‘Emanuele Cordano <emanuele.cordano@gmail.com>’
No Authors@R field in DESCRIPTION.
Please add one, modifying
Authors@R: person(given = "Emanuele",
family = "Cordano",
role = c("aut", "cre"),
email = "emanuele.cordano@gmail.com")
as necessary.
Flavors: r-devel-linux-x86_64-debian-clang, r-devel-linux-x86_64-debian-gcc
These binaries (installable software) and packages are in development.
They may not be fully stable and should be used with caution. We make no claims about them.