Last updated on 2025-05-01 14:49:05 CEST.
Flavor | Version | Tinstall | Tcheck | Ttotal | Status | Flags |
---|---|---|---|---|---|---|
r-devel-linux-x86_64-debian-clang | 1.1-2 | 6.10 | 69.60 | 75.70 | NOTE | |
r-devel-linux-x86_64-debian-gcc | 1.1-2 | 5.42 | 50.35 | 55.77 | OK | |
r-devel-linux-x86_64-fedora-clang | 1.1-2 | 118.99 | OK | |||
r-devel-linux-x86_64-fedora-gcc | 1.1-2 | 119.15 | OK | |||
r-devel-windows-x86_64 | 1.1-2 | 8.00 | 79.00 | 87.00 | OK | |
r-patched-linux-x86_64 | 1.1-2 | 6.70 | 64.58 | 71.28 | OK | |
r-release-linux-x86_64 | OK | |||||
r-release-macos-arm64 | 1.1-2 | 36.00 | OK | |||
r-release-macos-x86_64 | 1.1-2 | 71.00 | OK | |||
r-release-windows-x86_64 | 1.1-2 | 7.00 | 83.00 | 90.00 | OK | |
r-oldrel-macos-arm64 | 1.1-2 | 33.00 | OK | |||
r-oldrel-macos-x86_64 | 1.1-2 | 49.00 | OK | |||
r-oldrel-windows-x86_64 | 1.1-2 | 10.00 | 89.00 | 99.00 | OK |
Version: 1.1-2
Check: examples
Result: NOTE
Examples with CPU (user + system) or elapsed time > 5s
user system elapsed
STR_FE 8.012 0.216 10.652
Flavor: r-devel-linux-x86_64-debian-clang
These binaries (installable software) and packages are in development.
They may not be fully stable and should be used with caution. We make no claims about them.