CRAN Package Check Results for Package box.lsp

Last updated on 2025-02-16 10:50:42 CET.

Flavor Version Tinstall Tcheck Ttotal Status Flags
r-devel-linux-x86_64-debian-clang 0.1.3 1.99 24.09 26.08 OK
r-devel-linux-x86_64-debian-gcc 0.1.3 1.70 20.81 22.51 OK
r-devel-linux-x86_64-fedora-clang 0.1.3 41.22 OK
r-devel-linux-x86_64-fedora-gcc 0.1.3 41.94 OK
r-devel-macos-arm64 0.1.3 21.00 OK
r-devel-macos-x86_64 0.1.3 35.00 OK
r-devel-windows-x86_64 0.1.3 4.00 53.00 57.00 OK
r-patched-linux-x86_64 0.1.3 1.93 23.33 25.26 ERROR
r-release-linux-x86_64 0.1.3 1.76 23.41 25.17 OK
r-release-macos-arm64 0.1.3 27.00 OK
r-release-macos-x86_64 0.1.3 37.00 OK
r-release-windows-x86_64 0.1.3 3.00 46.00 49.00 OK
r-oldrel-macos-arm64 0.1.3 33.00 OK
r-oldrel-macos-x86_64 0.1.3 43.00 OK
r-oldrel-windows-x86_64 0.1.3 2.00 64.00 66.00 OK

Check Details

Version: 0.1.3
Check: tests
Result: ERROR Running ‘testthat.R’ [7s/8s] Running the tests in ‘tests/testthat.R’ failed. Complete output: > # This file is part of the standard setup for testthat. > # It is recommended that you do not modify it. > # > # Where should you do additional test configuration? > # Learn more about the roles of various files in: > # * https://r-pkgs.org/tests.html > # * https://testthat.r-lib.org/reference/test_package.html#special-files > > library(testthat) > library(box.lsp) > > test_check("box.lsp") [ FAIL 1 | WARN 0 | SKIP 5 | PASS 2 ] ══ Skipped tests (5) ═══════════════════════════════════════════════════════════ • On CRAN (5): 'test-lsp_aaa_regression.R:2:3', 'test-lsp_completion_package_attach_list.R:2:3', 'test-lsp_completion_package_three_dots.R:2:3', 'test-lsp_completion_whole_package.R:2:3', 'test-signature.R:2:3' ══ Failed tests ════════════════════════════════════════════════════════════════ ── Error ('test-lsp_completion_package_attach_list.R:64:1'): completion of package attach list does not return non-attached functions ── <no_such_process/ps_error/error/condition> Error: Failed to send signal to some processes: 2655718 (???) Backtrace: ▆ 1. ├─withr (local) `<fn>`() 2. └─client$process$kill_tree() at tests/testthat/helper-utils.R:84:7 3. └─processx:::process_kill_tree(self, private, grace, close_connections) 4. └─get("ps_kill_tree", asNamespace("ps"))(private$tree_id) 5. └─ps::ps_send_signal(procs, sig) 6. └─ps:::process_signal_result(p, res, "Failed to send signal to") [ FAIL 1 | WARN 0 | SKIP 5 | PASS 2 ] Error: Test failures Execution halted Flavor: r-patched-linux-x86_64

These binaries (installable software) and packages are in development.
They may not be fully stable and should be used with caution. We make no claims about them.