Last updated on 2025-05-08 04:52:00 CEST.
Flavor | Version | Tinstall | Tcheck | Ttotal | Status | Flags |
---|---|---|---|---|---|---|
r-devel-linux-x86_64-debian-clang | 1.4.0 | 1.56 | 19.32 | 20.88 | NOTE | |
r-devel-linux-x86_64-debian-gcc | 1.4.0 | 1.51 | 15.10 | 16.61 | NOTE | |
r-devel-linux-x86_64-fedora-clang | 1.4.0 | 33.97 | OK | |||
r-devel-linux-x86_64-fedora-gcc | 1.4.0 | 31.78 | OK | |||
r-devel-windows-x86_64 | 1.4.0 | 3.00 | 36.00 | 39.00 | OK | |
r-patched-linux-x86_64 | 1.4.0 | 2.01 | 18.25 | 20.26 | OK | |
r-release-linux-x86_64 | 1.4.0 | 1.62 | 18.21 | 19.83 | OK | |
r-release-macos-arm64 | 1.4.0 | 19.00 | OK | |||
r-release-macos-x86_64 | 1.4.0 | 24.00 | OK | |||
r-release-windows-x86_64 | 1.4.0 | 3.00 | 38.00 | 41.00 | OK | |
r-oldrel-macos-arm64 | 1.4.0 | 20.00 | OK | |||
r-oldrel-macos-x86_64 | 1.4.0 | 29.00 | OK | |||
r-oldrel-windows-x86_64 | 1.4.0 | 3.00 | 43.00 | 46.00 | OK |
Version: 1.4.0
Check: CRAN incoming feasibility
Result: NOTE
Maintainer: ‘Shinichiro Tomizono <cowares@gmail.com>’
No Authors@R field in DESCRIPTION.
Please add one, modifying
Authors@R: person(given = "Shinichiro",
family = "Tomizono",
role = c("aut", "cre"),
email = "cowares@gmail.com")
as necessary.
Flavors: r-devel-linux-x86_64-debian-clang, r-devel-linux-x86_64-debian-gcc
These binaries (installable software) and packages are in development.
They may not be fully stable and should be used with caution. We make no claims about them.