Last updated on 2025-07-24 09:49:53 CEST.
Flavor | Version | Tinstall | Tcheck | Ttotal | Status | Flags |
---|---|---|---|---|---|---|
r-devel-linux-x86_64-debian-clang | 1.4.2 | 10.02 | 106.23 | 116.25 | NOTE | |
r-devel-linux-x86_64-debian-gcc | 1.4.2 | 8.11 | 76.14 | 84.25 | NOTE | |
r-devel-linux-x86_64-fedora-clang | 1.4.2 | 183.31 | OK | |||
r-devel-linux-x86_64-fedora-gcc | 1.4.2 | 188.92 | OK | |||
r-devel-windows-x86_64 | 1.4.2 | 12.00 | 123.00 | 135.00 | OK | |
r-patched-linux-x86_64 | 1.4.2 | 11.54 | 99.50 | 111.04 | OK | |
r-release-linux-x86_64 | 1.4.2 | 12.09 | 100.80 | 112.89 | OK | |
r-release-macos-arm64 | 1.4.2 | 94.00 | OK | |||
r-release-macos-x86_64 | 1.4.2 | 151.00 | OK | |||
r-release-windows-x86_64 | 1.4.2 | 12.00 | 127.00 | 139.00 | OK | |
r-oldrel-macos-arm64 | 1.4.2 | 60.00 | OK | |||
r-oldrel-macos-x86_64 | 1.4.2 | 83.00 | OK | |||
r-oldrel-windows-x86_64 | 1.4.2 | 16.00 | 151.00 | 167.00 | OK |
Version: 1.4.2
Check: CRAN incoming feasibility
Result: NOTE
Maintainer: ‘Michael P. Fay <mfay@niaid.nih.gov>’
No Authors@R field in DESCRIPTION.
Please add one, modifying
Authors@R: c(person(given = c("Michael", "P."),
family = "Fay",
role = c("aut", "cre"),
email = "mfay@niaid.nih.gov"),
person(given = "Allyson",
family = "Mateja",
role = "ctb"))
as necessary.
Package CITATION file contains call(s) to old-style personList() or
as.personList(). Please use c() on person objects instead.
Package CITATION file contains call(s) to old-style citEntry(). Please
use bibentry() instead.
Flavors: r-devel-linux-x86_64-debian-clang, r-devel-linux-x86_64-debian-gcc
These binaries (installable software) and packages are in development.
They may not be fully stable and should be used with caution. We make no claims about them.