Last updated on 2025-02-16 10:50:42 CET.
Flavor | Version | Tinstall | Tcheck | Ttotal | Status | Flags |
---|---|---|---|---|---|---|
r-devel-linux-x86_64-debian-clang | 1.0.9 | 75.07 | 64.97 | 140.04 | NOTE | |
r-devel-linux-x86_64-debian-gcc | 1.0.9 | 53.51 | 43.66 | 97.17 | NOTE | |
r-devel-linux-x86_64-fedora-clang | 1.0.9 | 252.77 | NOTE | |||
r-devel-linux-x86_64-fedora-gcc | 1.0.9 | 259.09 | NOTE | |||
r-devel-macos-arm64 | 1.0.9 | 68.00 | NOTE | |||
r-devel-macos-x86_64 | 1.0.9 | 105.00 | NOTE | |||
r-devel-windows-x86_64 | 1.0.9 | 81.00 | 109.00 | 190.00 | NOTE | |
r-patched-linux-x86_64 | 1.0.9 | 79.04 | 59.38 | 138.42 | NOTE | |
r-release-linux-x86_64 | 1.0.9 | 77.93 | 59.83 | 137.76 | NOTE | |
r-release-macos-arm64 | 1.0.9 | 63.00 | NOTE | |||
r-release-macos-x86_64 | 1.0.9 | 90.00 | NOTE | |||
r-release-windows-x86_64 | 1.0.9 | 80.00 | 112.00 | 192.00 | NOTE | |
r-oldrel-macos-arm64 | 1.0.9 | 70.00 | NOTE | |||
r-oldrel-macos-x86_64 | 1.0.9 | 111.00 | NOTE | |||
r-oldrel-windows-x86_64 | 1.0.9 | 94.00 | 127.00 | 221.00 | NOTE |
Version: 1.0.9
Check: C++ specification
Result: NOTE
Specified C++11: please drop specification unless essential
Flavors: r-devel-linux-x86_64-debian-clang, r-devel-linux-x86_64-debian-gcc, r-devel-linux-x86_64-fedora-clang, r-devel-linux-x86_64-fedora-gcc, r-devel-macos-arm64, r-devel-macos-x86_64, r-devel-windows-x86_64, r-patched-linux-x86_64, r-release-linux-x86_64, r-release-macos-arm64, r-release-macos-x86_64, r-release-windows-x86_64, r-oldrel-macos-arm64, r-oldrel-macos-x86_64, r-oldrel-windows-x86_64
Version: 1.0.9
Check: installed package size
Result: NOTE
installed size is 5.5Mb
sub-directories of 1Mb or more:
libs 5.3Mb
Flavors: r-release-macos-arm64, r-release-macos-x86_64, r-oldrel-macos-arm64, r-oldrel-macos-x86_64
These binaries (installable software) and packages are in development.
They may not be fully stable and should be used with caution. We make no claims about them.