Last updated on 2024-07-27 15:50:12 CEST.
Flavor | Version | Tinstall | Tcheck | Ttotal | Status | Flags |
---|---|---|---|---|---|---|
r-devel-linux-x86_64-debian-clang | 1.0.9 | 97.94 | 84.13 | 182.07 | NOTE | |
r-devel-linux-x86_64-debian-gcc | 1.0.9 | NOTE | ||||
r-devel-linux-x86_64-fedora-clang | 1.0.9 | 277.43 | NOTE | |||
r-devel-linux-x86_64-fedora-gcc | 1.0.9 | 254.99 | NOTE | |||
r-devel-windows-x86_64 | 1.0.9 | 82.00 | 109.00 | 191.00 | NOTE | |
r-patched-linux-x86_64 | 1.0.9 | NOTE | ||||
r-release-linux-x86_64 | 1.0.9 | 74.88 | 77.19 | 152.07 | NOTE | |
r-release-macos-arm64 | 1.0.9 | 63.00 | NOTE | |||
r-release-macos-x86_64 | 1.0.9 | 90.00 | NOTE | |||
r-release-windows-x86_64 | 1.0.9 | 93.00 | 107.00 | 200.00 | NOTE | |
r-oldrel-macos-arm64 | 1.0.9 | 70.00 | NOTE | |||
r-oldrel-macos-x86_64 | 1.0.9 | 111.00 | NOTE | |||
r-oldrel-windows-x86_64 | 1.0.9 | 94.00 | 132.00 | 226.00 | NOTE |
Version: 1.0.9
Check: C++ specification
Result: NOTE
Specified C++11: please drop specification unless essential
Flavors: r-devel-linux-x86_64-debian-clang, r-devel-linux-x86_64-debian-gcc, r-devel-linux-x86_64-fedora-clang, r-devel-linux-x86_64-fedora-gcc, r-devel-windows-x86_64, r-patched-linux-x86_64, r-release-linux-x86_64, r-release-macos-arm64, r-release-macos-x86_64, r-release-windows-x86_64, r-oldrel-macos-arm64, r-oldrel-macos-x86_64, r-oldrel-windows-x86_64
Version: 1.0.9
Check: installed package size
Result: NOTE
installed size is 5.5Mb
sub-directories of 1Mb or more:
libs 5.3Mb
Flavors: r-release-macos-arm64, r-release-macos-x86_64, r-oldrel-macos-arm64, r-oldrel-macos-x86_64
These binaries (installable software) and packages are in development.
They may not be fully stable and should be used with caution. We make no claims about them.