Last updated on 2025-07-11 17:48:20 CEST.
Flavor | Version | Tinstall | Tcheck | Ttotal | Status | Flags |
---|---|---|---|---|---|---|
r-devel-linux-x86_64-debian-clang | 2.0.3 | 60.16 | 68.29 | 128.45 | OK | |
r-devel-linux-x86_64-debian-gcc | 2.0.3 | 42.76 | 47.60 | 90.36 | OK | |
r-devel-linux-x86_64-fedora-clang | 2.0.3 | 221.32 | OK | |||
r-devel-linux-x86_64-fedora-gcc | 2.0.3 | 216.15 | OK | |||
r-devel-windows-x86_64 | 2.0.3 | 64.00 | 101.00 | 165.00 | OK | |
r-patched-linux-x86_64 | 2.0.3 | 63.79 | 59.86 | 123.65 | OK | |
r-release-linux-x86_64 | 2.0.3 | 54.88 | 60.35 | 115.23 | OK | |
r-release-macos-arm64 | 2.0.3 | 65.00 | OK | |||
r-release-macos-x86_64 | 2.0.3 | 115.00 | OK | |||
r-release-windows-x86_64 | 2.0.3 | 66.00 | 109.00 | 175.00 | OK | |
r-oldrel-macos-arm64 | 2.0.3 | 58.00 | OK | |||
r-oldrel-macos-x86_64 | 2.0.3 | 93.00 | NOTE | |||
r-oldrel-windows-x86_64 | 2.0.3 | 83.00 | 127.00 | 210.00 | OK |
Version: 2.0.3
Check: installed package size
Result: NOTE
installed size is 5.1Mb
sub-directories of 1Mb or more:
libs 4.6Mb
Flavor: r-oldrel-macos-x86_64
These binaries (installable software) and packages are in development.
They may not be fully stable and should be used with caution. We make no claims about them.