Last updated on 2024-07-27 15:50:12 CEST.
Flavor | Version | Tinstall | Tcheck | Ttotal | Status | Flags |
---|---|---|---|---|---|---|
r-devel-linux-x86_64-debian-clang | 2.0.3 | 88.47 | 78.81 | 167.28 | OK | |
r-devel-linux-x86_64-debian-gcc | 2.0.3 | OK | ||||
r-devel-linux-x86_64-fedora-clang | 2.0.3 | 241.71 | OK | |||
r-devel-linux-x86_64-fedora-gcc | 2.0.3 | 233.10 | OK | |||
r-devel-windows-x86_64 | 2.0.3 | 69.00 | 104.00 | 173.00 | OK | |
r-patched-linux-x86_64 | 2.0.3 | OK | ||||
r-release-linux-x86_64 | 2.0.3 | 48.58 | 74.25 | 122.83 | OK | |
r-release-macos-arm64 | 2.0.3 | 58.00 | OK | |||
r-release-macos-x86_64 | 2.0.3 | 93.00 | NOTE | |||
r-release-windows-x86_64 | 2.0.3 | 74.00 | 101.00 | 175.00 | OK | |
r-oldrel-macos-arm64 | 2.0.3 | 66.00 | OK | |||
r-oldrel-macos-x86_64 | 2.0.3 | 93.00 | NOTE | |||
r-oldrel-windows-x86_64 | 2.0.3 | 80.00 | 121.00 | 201.00 | OK |
Version: 2.0.3
Check: installed package size
Result: NOTE
installed size is 5.1Mb
sub-directories of 1Mb or more:
libs 4.6Mb
Flavors: r-release-macos-x86_64, r-oldrel-macos-x86_64
These binaries (installable software) and packages are in development.
They may not be fully stable and should be used with caution. We make no claims about them.