Last updated on 2025-02-19 16:50:42 CET.
Flavor | Version | Tinstall | Tcheck | Ttotal | Status | Flags |
---|---|---|---|---|---|---|
r-devel-linux-x86_64-debian-clang | 1.7.1 | 6.93 | 125.95 | 132.88 | OK | |
r-devel-linux-x86_64-debian-gcc | 1.7.1 | 5.77 | 77.62 | 83.39 | OK | |
r-devel-linux-x86_64-fedora-clang | 1.7.1 | 223.12 | OK | |||
r-devel-linux-x86_64-fedora-gcc | 1.7.1 | 209.48 | OK | |||
r-devel-macos-arm64 | 1.7.1 | 53.00 | OK | |||
r-devel-macos-x86_64 | 1.7.1 | 99.00 | OK | |||
r-devel-windows-x86_64 | 1.7.1 | 9.00 | 130.00 | 139.00 | OK | |
r-patched-linux-x86_64 | 1.7.1 | 9.56 | 111.16 | 120.72 | OK | |
r-release-linux-x86_64 | 1.7.1 | 6.85 | 111.67 | 118.52 | OK | |
r-release-macos-arm64 | 1.7.1 | 54.00 | OK | |||
r-release-macos-x86_64 | 1.7.1 | 89.00 | OK | |||
r-release-windows-x86_64 | 1.7.1 | 9.00 | 3.00 | 12.00 | FAIL | |
r-oldrel-macos-arm64 | 1.7.1 | 57.00 | OK | |||
r-oldrel-macos-x86_64 | 1.7.1 | 98.00 | OK | |||
r-oldrel-windows-x86_64 | 1.7.1 | 13.00 | 148.00 | 161.00 | OK |
Version: 1.7.1
Check: package dependencies
Result: FAIL
Flavor: r-release-windows-x86_64
These binaries (installable software) and packages are in development.
They may not be fully stable and should be used with caution. We make no claims about them.