Last updated on 2025-10-24 13:49:33 CEST.
| Flavor | Version | Tinstall | Tcheck | Ttotal | Status | Flags |
|---|---|---|---|---|---|---|
| r-devel-linux-x86_64-debian-clang | 1.4.11.27 | 4.25 | 38.72 | 42.97 | NOTE | |
| r-devel-linux-x86_64-debian-gcc | 1.4.11.27 | 2.84 | 29.72 | 32.56 | NOTE | |
| r-devel-linux-x86_64-fedora-clang | 1.4.11.27 | 17.00 | 50.68 | 67.68 | OK | |
| r-devel-linux-x86_64-fedora-gcc | 1.4.11.27 | 61.85 | OK | |||
| r-devel-windows-x86_64 | 1.4.11.27 | 7.00 | 53.00 | 60.00 | OK | |
| r-patched-linux-x86_64 | 1.4.11.27 | 4.29 | 36.86 | 41.15 | OK | |
| r-release-linux-x86_64 | 1.4.11.27 | 3.63 | 36.60 | 40.23 | OK | |
| r-release-macos-arm64 | 1.4.11.27 | 2.00 | 26.00 | 28.00 | OK | |
| r-release-macos-x86_64 | 1.4.11.27 | 4.00 | 35.00 | 39.00 | OK | |
| r-release-windows-x86_64 | 1.4.11.27 | 7.00 | 55.00 | 62.00 | OK | |
| r-oldrel-macos-arm64 | 1.4.11.27 | 3.00 | 26.00 | 29.00 | OK | |
| r-oldrel-macos-x86_64 | 1.4.11.27 | 4.00 | 40.00 | 44.00 | OK | |
| r-oldrel-windows-x86_64 | 1.4.11.27 | 8.00 | 62.00 | 70.00 | OK |
Version: 1.4.11.27
Check: Rd files
Result: NOTE
checkRd: (-1) rallies.Rd:9-23: Only 2 columns allowed in this table (row 1 has 1)
Flavors: r-devel-linux-x86_64-debian-clang, r-devel-linux-x86_64-debian-gcc
These binaries (installable software) and packages are in development.
They may not be fully stable and should be used with caution. We make no claims about them.