CRAN Package Check Results for Package braggR

Last updated on 2025-07-21 19:49:39 CEST.

Flavor Version Tinstall Tcheck Ttotal Status Flags
r-devel-linux-x86_64-debian-clang 0.1.1 9.61 34.85 44.46 NOTE
r-devel-linux-x86_64-debian-gcc 0.1.1 7.35 24.34 31.69 NOTE
r-devel-linux-x86_64-fedora-clang 0.1.1 66.15 OK
r-devel-linux-x86_64-fedora-gcc 0.1.1 62.96 OK
r-devel-windows-x86_64 0.1.1 12.00 64.00 76.00 OK
r-patched-linux-x86_64 0.1.1 10.06 27.77 37.83 OK
r-release-linux-x86_64 0.1.1 9.77 27.47 37.24 OK
r-release-macos-arm64 0.1.1 24.00 OK
r-release-macos-x86_64 0.1.1 57.00 OK
r-release-windows-x86_64 0.1.1 12.00 66.00 78.00 OK
r-oldrel-macos-arm64 0.1.1 28.00 OK
r-oldrel-macos-x86_64 0.1.1 37.00 OK
r-oldrel-windows-x86_64 0.1.1 14.00 77.00 91.00 OK

Check Details

Version: 0.1.1
Check: CRAN incoming feasibility
Result: NOTE Maintainer: ‘Ville Satopää <ville.satopaa@gmail.com>’ Package CITATION file contains call(s) to old-style personList() or as.personList(). Please use c() on person objects instead. Package CITATION file contains call(s) to old-style citEntry(). Please use bibentry() instead. Flavors: r-devel-linux-x86_64-debian-clang, r-devel-linux-x86_64-debian-gcc

These binaries (installable software) and packages are in development.
They may not be fully stable and should be used with caution. We make no claims about them.