Last updated on 2025-02-16 10:50:42 CET.
Flavor | Version | Tinstall | Tcheck | Ttotal | Status | Flags |
---|---|---|---|---|---|---|
r-devel-linux-x86_64-debian-clang | 1.6.0 | 7.98 | 58.96 | 66.94 | NOTE | |
r-devel-linux-x86_64-debian-gcc | 1.6.0 | 6.66 | 47.28 | 53.94 | NOTE | |
r-devel-linux-x86_64-fedora-clang | 1.6.0 | 112.51 | OK | |||
r-devel-linux-x86_64-fedora-gcc | 1.6.0 | 108.52 | OK | |||
r-devel-macos-arm64 | 1.6.0 | 51.00 | OK | |||
r-devel-macos-x86_64 | 1.6.0 | 65.00 | OK | |||
r-devel-windows-x86_64 | 1.6.0 | 8.00 | 68.00 | 76.00 | NOTE | |
r-patched-linux-x86_64 | 1.6.0 | 11.10 | 55.75 | 66.85 | NOTE | |
r-release-linux-x86_64 | 1.6.0 | 7.98 | 56.64 | 64.62 | NOTE | |
r-release-macos-arm64 | 1.6.0 | 47.00 | NOTE | |||
r-release-macos-x86_64 | 1.6.0 | 54.00 | NOTE | |||
r-release-windows-x86_64 | 1.6.0 | 8.00 | 73.00 | 81.00 | NOTE | |
r-oldrel-macos-arm64 | 1.6.0 | 31.00 | NOTE | |||
r-oldrel-macos-x86_64 | 1.6.0 | 54.00 | NOTE | |||
r-oldrel-windows-x86_64 | 1.6.0 | 10.00 | 76.00 | 86.00 | NOTE |
Version: 1.6.0
Check: Rd cross-references
Result: NOTE
Found the following Rd file(s) with Rd \link{} targets missing package
anchors:
brainR-package.Rd: contour3d, rgl
makeScene.Rd: contour3d, nifti-class
write4D.Rd: writeOBJ, writeSTL, contour3d
write4D.file.Rd: writeOBJ, writeSTL, contour3d
writeTrianglesSTL.Rd: writeSTL
Please provide package anchors for all Rd \link{} targets not in the
package itself and the base packages.
Flavors: r-devel-linux-x86_64-debian-clang, r-devel-linux-x86_64-debian-gcc, r-devel-windows-x86_64
Version: 1.6.0
Check: LazyData
Result: NOTE
'LazyData' is specified without a 'data' directory
Flavors: r-patched-linux-x86_64, r-release-linux-x86_64, r-release-macos-arm64, r-release-macos-x86_64, r-release-windows-x86_64, r-oldrel-macos-arm64, r-oldrel-macos-x86_64, r-oldrel-windows-x86_64
These binaries (installable software) and packages are in development.
They may not be fully stable and should be used with caution. We make no claims about them.