Last updated on 2025-11-13 21:49:52 CET.
| Flavor | Version | Tinstall | Tcheck | Ttotal | Status | Flags |
|---|---|---|---|---|---|---|
| r-devel-linux-x86_64-debian-clang | 0.3-0 | 5.70 | 51.70 | 57.40 | NOTE | |
| r-devel-linux-x86_64-debian-gcc | 0.3-0 | 4.43 | 37.37 | 41.80 | NOTE | |
| r-devel-linux-x86_64-fedora-clang | 0.3-0 | 13.00 | 73.71 | 86.71 | OK | |
| r-devel-linux-x86_64-fedora-gcc | 0.3-0 | 13.00 | 69.38 | 82.38 | OK | |
| r-devel-windows-x86_64 | 0.3-0 | 8.00 | 59.00 | 67.00 | OK | |
| r-patched-linux-x86_64 | 0.3-0 | 6.62 | 50.16 | 56.78 | OK | |
| r-release-linux-x86_64 | 0.3-0 | 6.51 | 47.96 | 54.47 | OK | |
| r-release-macos-arm64 | 0.3-0 | 4.00 | 27.00 | 31.00 | OK | |
| r-release-macos-x86_64 | 0.3-0 | 10.00 | 55.00 | 65.00 | OK | |
| r-release-windows-x86_64 | 0.3-0 | 7.00 | 60.00 | 67.00 | OK | |
| r-oldrel-macos-arm64 | 0.3-0 | 2.00 | 25.00 | 27.00 | OK | |
| r-oldrel-macos-x86_64 | 0.3-0 | 4.00 | 41.00 | 45.00 | OK | |
| r-oldrel-windows-x86_64 | 0.3-0 | 9.00 | 69.00 | 78.00 | OK |
Version: 0.3-0
Check: CRAN incoming feasibility
Result: NOTE
Maintainer: ‘Benjamin Schlegel <kontakt@benjaminschlegel.ch>’
No Authors@R field in DESCRIPTION.
Please add one, modifying
Authors@R: c(person(given = "Benjamin",
family = "Schlegel",
role = c("aut", "cre"),
email = "kontakt@benjaminschlegel.ch"),
person(given = "Marco",
family = "Steenbergen",
role = "aut"))
as necessary.
Flavors: r-devel-linux-x86_64-debian-clang, r-devel-linux-x86_64-debian-gcc
These binaries (installable software) and packages are in development.
They may not be fully stable and should be used with caution. We make no claims about them.