Last updated on 2025-05-08 04:52:00 CEST.
Flavor | Version | Tinstall | Tcheck | Ttotal | Status | Flags |
---|---|---|---|---|---|---|
r-devel-linux-x86_64-debian-clang | 0.8.9 | 128.78 | 154.53 | 283.31 | OK | |
r-devel-linux-x86_64-debian-gcc | 0.8.9 | 115.69 | 123.94 | 239.63 | OK | |
r-devel-linux-x86_64-fedora-clang | 0.8.9 | 476.74 | OK | |||
r-devel-linux-x86_64-fedora-gcc | 0.8.9 | 579.12 | OK | |||
r-devel-windows-x86_64 | 0.8.9 | 151.00 | 163.00 | 314.00 | OK | |
r-patched-linux-x86_64 | 0.8.9 | 147.83 | 163.19 | 311.02 | OK | |
r-release-linux-x86_64 | 0.8.9 | 148.25 | 164.81 | 313.06 | OK | |
r-release-macos-arm64 | 0.8.9 | 113.00 | OK | |||
r-release-macos-x86_64 | 0.8.9 | 277.00 | OK | |||
r-release-windows-x86_64 | 0.8.9 | 146.00 | 170.00 | 316.00 | OK | |
r-oldrel-macos-arm64 | 0.8.9 | 119.00 | NOTE | |||
r-oldrel-macos-x86_64 | 0.8.9 | 162.00 | NOTE | |||
r-oldrel-windows-x86_64 | 0.8.9 | 172.00 | 208.00 | 380.00 | OK |
Version: 0.8.9
Check: installed package size
Result: NOTE
installed size is 45.3Mb
sub-directories of 1Mb or more:
libs 45.0Mb
Flavors: r-oldrel-macos-arm64, r-oldrel-macos-x86_64
Version: 0.8.9
Check: for GNU extensions in Makefiles
Result: NOTE
GNU make is a SystemRequirements.
Flavors: r-oldrel-macos-arm64, r-oldrel-macos-x86_64
These binaries (installable software) and packages are in development.
They may not be fully stable and should be used with caution. We make no claims about them.