Last updated on 2025-10-03 07:49:35 CEST.
Flavor | Version | Tinstall | Tcheck | Ttotal | Status | Flags |
---|---|---|---|---|---|---|
r-devel-linux-x86_64-debian-clang | 0.8.9 | 130.52 | 170.38 | 300.90 | OK | |
r-devel-linux-x86_64-debian-gcc | 0.8.9 | 112.00 | 132.07 | 244.07 | OK | |
r-devel-linux-x86_64-fedora-clang | 0.8.9 | 473.25 | OK | |||
r-devel-linux-x86_64-fedora-gcc | 0.8.9 | 550.12 | OK | |||
r-devel-windows-x86_64 | 0.8.9 | 143.00 | 173.00 | 316.00 | OK | |
r-patched-linux-x86_64 | 0.8.9 | 148.53 | 178.30 | 326.83 | OK | |
r-release-linux-x86_64 | 0.8.9 | 146.67 | 177.79 | 324.46 | OK | |
r-release-macos-arm64 | 0.8.9 | 113.00 | OK | |||
r-release-macos-x86_64 | 0.8.9 | 277.00 | OK | |||
r-release-windows-x86_64 | 0.8.9 | 151.00 | 169.00 | 320.00 | OK | |
r-oldrel-macos-arm64 | 0.8.9 | 119.00 | NOTE | |||
r-oldrel-macos-x86_64 | 0.8.9 | 162.00 | NOTE | |||
r-oldrel-windows-x86_64 | 0.8.9 | 167.00 | 230.00 | 397.00 | OK |
Version: 0.8.9
Check: installed package size
Result: NOTE
installed size is 45.3Mb
sub-directories of 1Mb or more:
libs 45.0Mb
Flavors: r-oldrel-macos-arm64, r-oldrel-macos-x86_64
Version: 0.8.9
Check: for GNU extensions in Makefiles
Result: NOTE
GNU make is a SystemRequirements.
Flavors: r-oldrel-macos-arm64, r-oldrel-macos-x86_64
These binaries (installable software) and packages are in development.
They may not be fully stable and should be used with caution. We make no claims about them.