Last updated on 2025-10-23 11:50:08 CEST.
Flavor | Version | Tinstall | Tcheck | Ttotal | Status | Flags |
---|---|---|---|---|---|---|
r-devel-linux-x86_64-debian-clang | 1.0.0 | 12.08 | 141.77 | 153.85 | NOTE | |
r-devel-linux-x86_64-debian-gcc | 1.0.0 | 10.13 | 105.59 | 115.72 | OK | |
r-devel-linux-x86_64-fedora-clang | 1.0.0 | 76.00 | 167.17 | 243.17 | OK | |
r-devel-linux-x86_64-fedora-gcc | 1.0.0 | 28.00 | 220.71 | 248.71 | OK | |
r-devel-windows-x86_64 | 1.0.0 | 16.00 | 139.00 | 155.00 | OK | |
r-patched-linux-x86_64 | 1.0.0 | 13.81 | 138.06 | 151.87 | OK | |
r-release-linux-x86_64 | 1.0.0 | 11.76 | 140.21 | 151.97 | OK | |
r-release-macos-arm64 | 1.0.0 | 7.00 | 69.00 | 76.00 | OK | |
r-release-macos-x86_64 | 1.0.0 | 12.00 | 195.00 | 207.00 | OK | |
r-release-windows-x86_64 | 1.0.0 | 18.00 | 141.00 | 159.00 | OK | |
r-oldrel-macos-arm64 | 1.0.0 | 7.00 | 72.00 | 79.00 | OK | |
r-oldrel-macos-x86_64 | 1.0.0 | 13.00 | 179.00 | 192.00 | OK | |
r-oldrel-windows-x86_64 | 1.0.0 | 22.00 | 175.00 | 197.00 | OK |
Version: 1.0.0
Check: HTML version of manual
Result: NOTE
Found the following HTML validation problems:
coef.brglmFit_expo.html:52:1 (coef.brglmFit_expo.Rd:13): Warning: missing </ul> before </div>
confint.brglmFit.html:63:1 (confint.brglmFit.Rd:19): Warning: missing </ul> before </div>
confint.brmultinom.html:63:1 (confint.brmultinom.Rd:19): Warning: missing </ul> before </div>
confint.brnb.html:63:1 (confint.brnb.Rd:19): Warning: missing </ul> before </div>
se0.html:81:1 (se0.Rd:31): Warning: missing </ul> before </div>
se1.html:100:1 (se1.Rd:46): Warning: missing </ul> before </div>
Flavor: r-devel-linux-x86_64-debian-clang
These binaries (installable software) and packages are in development.
They may not be fully stable and should be used with caution. We make no claims about them.