Last updated on 2025-02-16 10:50:42 CET.
Flavor | Version | Tinstall | Tcheck | Ttotal | Status | Flags |
---|---|---|---|---|---|---|
r-devel-linux-x86_64-debian-clang | 1.1-2 | 9.84 | 261.35 | 271.19 | OK | |
r-devel-linux-x86_64-debian-gcc | 1.1-2 | 6.15 | 206.21 | 212.36 | OK | |
r-devel-linux-x86_64-fedora-clang | 1.1-2 | 429.54 | OK | |||
r-devel-linux-x86_64-fedora-gcc | 1.1-2 | 516.34 | OK | |||
r-devel-macos-arm64 | 1.1-2 | 145.00 | OK | |||
r-devel-macos-x86_64 | 1.1-2 | 282.00 | OK | |||
r-devel-windows-x86_64 | 1.1-2 | 10.00 | 156.00 | 166.00 | OK | |
r-patched-linux-x86_64 | 1.1-2 | 10.25 | 275.62 | 285.87 | OK | |
r-release-linux-x86_64 | 1.1-2 | 8.23 | 275.11 | 283.34 | OK | |
r-release-macos-arm64 | 1.1-2 | 126.00 | OK | |||
r-release-macos-x86_64 | 1.1-2 | 250.00 | OK | |||
r-release-windows-x86_64 | 1.1-2 | 12.00 | 157.00 | 169.00 | OK | |
r-oldrel-macos-arm64 | 1.1-2 | 106.00 | OK | |||
r-oldrel-macos-x86_64 | 1.1-2 | 118.00 | NOTE | |||
r-oldrel-windows-x86_64 | 1.1-2 | 14.00 | 196.00 | 210.00 | OK |
Version: 1.1-2
Check: package dependencies
Result: NOTE
Packages suggested but not available for checking:
'BayesFactor', 'rstan', 'rstanarm', 'MCMCpack'
Flavor: r-oldrel-macos-x86_64
These binaries (installable software) and packages are in development.
They may not be fully stable and should be used with caution. We make no claims about them.