Last updated on 2025-10-03 17:48:29 CEST.
Flavor | Version | Tinstall | Tcheck | Ttotal | Status | Flags |
---|---|---|---|---|---|---|
r-devel-linux-x86_64-debian-clang | 0.1.7 | 2.70 | 24.59 | 27.29 | OK | |
r-devel-linux-x86_64-debian-gcc | 0.1.7 | 2.00 | 18.95 | 20.95 | OK | |
r-devel-linux-x86_64-fedora-clang | 0.1.7 | 43.32 | NOTE | |||
r-devel-linux-x86_64-fedora-gcc | 0.1.7 | 39.84 | NOTE | |||
r-devel-windows-x86_64 | 0.1.7 | 4.00 | 44.00 | 48.00 | OK | |
r-patched-linux-x86_64 | 0.1.7 | 2.68 | 23.72 | 26.40 | OK | |
r-release-linux-x86_64 | 0.1.7 | 2.64 | 23.55 | 26.19 | OK | |
r-release-macos-arm64 | 0.1.7 | 17.00 | OK | |||
r-release-macos-x86_64 | 0.1.7 | 27.00 | OK | |||
r-release-windows-x86_64 | 0.1.7 | 4.00 | 45.00 | 49.00 | OK | |
r-oldrel-macos-arm64 | 0.1.7 | 17.00 | OK | |||
r-oldrel-macos-x86_64 | 0.1.7 | 24.00 | OK | |||
r-oldrel-windows-x86_64 | 0.1.7 | 4.00 | 48.00 | 52.00 | OK |
Version: 0.1.7
Check: dependencies in R code
Result: NOTE
Namespaces in Imports field not imported from:
‘Rcpp’ ‘profileModel’
All declared Imports should be used.
Flavors: r-devel-linux-x86_64-fedora-clang, r-devel-linux-x86_64-fedora-gcc
These binaries (installable software) and packages are in development.
They may not be fully stable and should be used with caution. We make no claims about them.