CRAN Package Check Results for Package brlrmr

Last updated on 2025-05-21 21:49:11 CEST.

Flavor Version Tinstall Tcheck Ttotal Status Flags
r-devel-linux-x86_64-debian-clang 0.1.7 2.21 23.09 25.30 OK
r-devel-linux-x86_64-debian-gcc 0.1.7 2.03 17.68 19.71 OK
r-devel-linux-x86_64-fedora-clang 0.1.7 39.99 NOTE
r-devel-linux-x86_64-fedora-gcc 0.1.7 39.27 NOTE
r-devel-windows-x86_64 0.1.7 4.00 51.00 55.00 OK
r-patched-linux-x86_64 0.1.7 2.68 22.43 25.11 OK
r-release-linux-x86_64 0.1.7 2.11 22.01 24.12 OK
r-release-macos-arm64 0.1.7 17.00 OK
r-release-macos-x86_64 0.1.7 27.00 OK
r-release-windows-x86_64 0.1.7 4.00 55.00 59.00 OK
r-oldrel-macos-arm64 0.1.7 17.00 OK
r-oldrel-macos-x86_64 0.1.7 24.00 OK
r-oldrel-windows-x86_64 0.1.7 4.00 51.00 55.00 OK

Check Details

Version: 0.1.7
Check: dependencies in R code
Result: NOTE Namespaces in Imports field not imported from: ‘Rcpp’ ‘profileModel’ All declared Imports should be used. Flavors: r-devel-linux-x86_64-fedora-clang, r-devel-linux-x86_64-fedora-gcc

These binaries (installable software) and packages are in development.
They may not be fully stable and should be used with caution. We make no claims about them.