Last updated on 2025-04-16 00:49:36 CEST.
Flavor | Version | Tinstall | Tcheck | Ttotal | Status | Flags |
---|---|---|---|---|---|---|
r-devel-linux-x86_64-debian-clang | 1.1.1 | 37.96 | 417.19 | 455.15 | NOTE | |
r-devel-linux-x86_64-debian-gcc | 1.1.1 | 25.41 | 263.57 | 288.98 | NOTE | |
r-devel-linux-x86_64-fedora-clang | 1.1.1 | 753.23 | NOTE | |||
r-devel-linux-x86_64-fedora-gcc | 1.1.1 | 758.07 | NOTE | |||
r-devel-windows-x86_64 | 1.1.1 | 30.00 | 355.00 | 385.00 | NOTE | |
r-patched-linux-x86_64 | 1.1.1 | 36.82 | 395.24 | 432.06 | NOTE | |
r-release-linux-x86_64 | 1.1.1 | 36.09 | 392.07 | 428.16 | NOTE | |
r-release-macos-arm64 | 1.1.1 | 194.00 | NOTE | |||
r-release-macos-x86_64 | 1.1.1 | 432.00 | NOTE | |||
r-release-windows-x86_64 | 1.1.1 | 29.00 | 345.00 | 374.00 | NOTE | |
r-oldrel-macos-arm64 | 1.1.1 | 140.00 | OK | |||
r-oldrel-macos-x86_64 | 1.1.1 | 310.00 | OK | |||
r-oldrel-windows-x86_64 | 1.1.1 | 43.00 | 518.00 | 561.00 | OK |
Version: 1.1.1
Check: DESCRIPTION meta-information
Result: NOTE
Missing dependency on R >= 4.1.0 because package code uses the pipe
|> or function shorthand \(...) syntax added in R 4.1.0.
File(s) using such syntax:
‘brm_archetype_average_cells.Rd’ ‘brm_archetype_average_effects.Rd’
‘brm_archetype_cells.Rd’ ‘brm_archetype_effects.Rd’
‘brm_archetype_successive_cells.Rd’
‘brm_archetype_successive_effects.Rd’ ‘brm_formula.Rd’
‘brm_prior_archetype.Rd’ ‘brm_prior_label.Rd’ ‘brm_prior_template.Rd’
‘brm_recenter_nuisance.Rd’ ‘summary.brms_mmrm_archetype.Rd’
‘utils_archetype.R’
Flavors: r-devel-linux-x86_64-debian-clang, r-devel-linux-x86_64-debian-gcc, r-devel-linux-x86_64-fedora-clang, r-devel-linux-x86_64-fedora-gcc, r-devel-windows-x86_64, r-patched-linux-x86_64, r-release-linux-x86_64, r-release-macos-arm64, r-release-windows-x86_64
Version: 1.1.1
Check: DESCRIPTION meta-information
Result: NOTE
Missing dependency on R >= 4.1.0 because package code uses the pipe
|> or function shorthand \(...) syntax added in R 4.1.0.
File(s) using such syntax:
‘utils_archetype.R’
Flavor: r-release-macos-x86_64
These binaries (installable software) and packages are in development.
They may not be fully stable and should be used with caution. We make no claims about them.