Last updated on 2025-02-16 10:50:42 CET.
Flavor | Version | Tinstall | Tcheck | Ttotal | Status | Flags |
---|---|---|---|---|---|---|
r-devel-linux-x86_64-debian-clang | 1.1.1 | 38.40 | 418.40 | 456.80 | NOTE | |
r-devel-linux-x86_64-debian-gcc | 1.1.1 | 28.02 | 270.80 | 298.82 | NOTE | |
r-devel-linux-x86_64-fedora-clang | 1.1.1 | 775.62 | NOTE | |||
r-devel-linux-x86_64-fedora-gcc | 1.1.1 | 904.21 | NOTE | |||
r-devel-macos-arm64 | 1.1.1 | 194.00 | OK | |||
r-devel-macos-x86_64 | 1.1.1 | 432.00 | NOTE | |||
r-devel-windows-x86_64 | 1.1.1 | 29.00 | 347.00 | 376.00 | NOTE | |
r-patched-linux-x86_64 | 1.1.1 | 38.18 | 385.47 | 423.65 | OK | |
r-release-linux-x86_64 | 1.1.1 | 35.50 | 389.13 | 424.63 | OK | |
r-release-macos-arm64 | 1.1.1 | 140.00 | OK | |||
r-release-macos-x86_64 | 1.1.1 | 310.00 | OK | |||
r-release-windows-x86_64 | 1.1.1 | 31.00 | 349.00 | 380.00 | OK | |
r-oldrel-macos-arm64 | 1.1.1 | 198.00 | OK | |||
r-oldrel-macos-x86_64 | 1.1.1 | 302.00 | OK | |||
r-oldrel-windows-x86_64 | 1.1.1 | 39.00 | 480.00 | 519.00 | OK |
Version: 1.1.1
Check: DESCRIPTION meta-information
Result: NOTE
Missing dependency on R >= 4.1.0 because package code uses the pipe
|> or function shorthand \(...) syntax added in R 4.1.0.
File(s) using such syntax:
‘utils_archetype.R’
Flavors: r-devel-linux-x86_64-debian-clang, r-devel-linux-x86_64-debian-gcc, r-devel-linux-x86_64-fedora-clang, r-devel-linux-x86_64-fedora-gcc, r-devel-macos-x86_64, r-devel-windows-x86_64
These binaries (installable software) and packages are in development.
They may not be fully stable and should be used with caution. We make no claims about them.