Last updated on 2025-10-03 15:49:44 CEST.
Flavor | Version | Tinstall | Tcheck | Ttotal | Status | Flags |
---|---|---|---|---|---|---|
r-devel-linux-x86_64-debian-clang | 0.1.3 | 1075.90 | 322.07 | 1397.97 | OK | |
r-devel-linux-x86_64-debian-gcc | 0.1.3 | 698.41 | 194.65 | 893.06 | OK | |
r-devel-linux-x86_64-fedora-clang | 0.1.5 | 16941.80 | ERROR | |||
r-devel-linux-x86_64-fedora-gcc | 0.1.5 | 2347.19 | OK | |||
r-devel-windows-x86_64 | 0.1.3 | 413.00 | 354.00 | 767.00 | OK | |
r-patched-linux-x86_64 | 0.1.3 | 425.74 | 322.11 | 747.85 | OK | |
r-release-linux-x86_64 | 0.1.3 | 418.21 | 322.75 | 740.96 | OK | |
r-release-macos-arm64 | 0.1.3 | 256.00 | OK | |||
r-release-macos-x86_64 | 0.1.5 | 449.00 | OK | |||
r-release-windows-x86_64 | 0.1.3 | 400.00 | 340.00 | 740.00 | OK | |
r-oldrel-macos-arm64 | 0.1.3 | 285.00 | NOTE | |||
r-oldrel-macos-x86_64 | 0.1.5 | 457.00 | NOTE | |||
r-oldrel-windows-x86_64 | 0.1.5 | 462.00 | 429.00 | 891.00 | NOTE |
Version: 0.1.5
Check: whether package can be installed
Result: ERROR
Installation failed.
Flavor: r-devel-linux-x86_64-fedora-clang
Version: 0.1.3
Check: installed package size
Result: NOTE
installed size is 18.7Mb
sub-directories of 1Mb or more:
libs 16.9Mb
Flavor: r-oldrel-macos-arm64
Version: 0.1.5
Check: installed package size
Result: NOTE
installed size is 21.4Mb
sub-directories of 1Mb or more:
libs 19.5Mb
Flavors: r-oldrel-macos-x86_64, r-oldrel-windows-x86_64
These binaries (installable software) and packages are in development.
They may not be fully stable and should be used with caution. We make no claims about them.