Last updated on 2025-02-16 10:50:42 CET.
Flavor | Version | Tinstall | Tcheck | Ttotal | Status | Flags |
---|---|---|---|---|---|---|
r-devel-linux-x86_64-debian-clang | 1.0.7 | 14.44 | 274.28 | 288.72 | NOTE | |
r-devel-linux-x86_64-debian-gcc | 1.0.7 | 9.46 | 181.84 | 191.30 | NOTE | |
r-devel-linux-x86_64-fedora-clang | 1.0.7 | 492.81 | NOTE | |||
r-devel-linux-x86_64-fedora-gcc | 1.0.7 | 324.92 | NOTE | |||
r-devel-macos-arm64 | 1.0.7 | 131.00 | NOTE | |||
r-devel-macos-x86_64 | 1.0.7 | 284.00 | NOTE | |||
r-devel-windows-x86_64 | 1.0.7 | 18.00 | 401.00 | 419.00 | OK | |
r-patched-linux-x86_64 | 1.0.7 | 20.08 | 250.81 | 270.89 | NOTE | |
r-release-linux-x86_64 | 1.0.7 | 12.59 | 253.86 | 266.45 | NOTE | |
r-release-macos-arm64 | 1.0.7 | 129.00 | OK | |||
r-release-macos-x86_64 | 1.0.7 | 213.00 | OK | |||
r-release-windows-x86_64 | 1.0.7 | 17.00 | 393.00 | 410.00 | OK | |
r-oldrel-macos-arm64 | 1.0.7 | 129.00 | OK | |||
r-oldrel-macos-x86_64 | 1.0.7 | 222.00 | OK | |||
r-oldrel-windows-x86_64 | 1.0.7 | 22.00 | 487.00 | 509.00 | OK |
Version: 1.0.7
Check: Rd cross-references
Result: NOTE
Unknown package ‘orcutt’ in Rd xrefs
Flavors: r-devel-linux-x86_64-debian-clang, r-devel-linux-x86_64-debian-gcc, r-devel-linux-x86_64-fedora-clang, r-devel-linux-x86_64-fedora-gcc, r-devel-macos-arm64, r-devel-macos-x86_64, r-patched-linux-x86_64, r-release-linux-x86_64
Version: 1.0.7
Check: package dependencies
Result: NOTE
Package suggested but not available for checking: ‘orcutt’
Flavors: r-patched-linux-x86_64, r-release-linux-x86_64
These binaries (installable software) and packages are in development.
They may not be fully stable and should be used with caution. We make no claims about them.