CRAN Package Check Results for Package bruneimap

Last updated on 2025-04-16 00:49:36 CEST.

Flavor Version Tinstall Tcheck Ttotal Status Flags
r-devel-linux-x86_64-debian-clang 0.3.1 7.80 62.53 70.33 NOTE
r-devel-linux-x86_64-debian-gcc 0.3.1 5.67 45.01 50.68 NOTE
r-devel-linux-x86_64-fedora-clang 0.3.1 113.26 NOTE
r-devel-linux-x86_64-fedora-gcc 0.3.1 124.36 NOTE
r-devel-windows-x86_64 0.3.1 9.00 74.00 83.00 NOTE
r-patched-linux-x86_64 0.3.1 6.44 59.73 66.17 NOTE
r-release-linux-x86_64 0.3.1 7.81 60.36 68.17 NOTE
r-release-macos-arm64 0.3.1 50.00 NOTE
r-release-macos-x86_64 0.3.1 78.00 NOTE
r-release-windows-x86_64 0.3.1 9.00 74.00 83.00 NOTE
r-oldrel-macos-arm64 0.3.1 47.00 OK
r-oldrel-macos-x86_64 0.3.1 82.00 OK
r-oldrel-windows-x86_64 0.3.1 12.00 89.00 101.00 OK

Check Details

Version: 0.3.1
Check: DESCRIPTION meta-information
Result: NOTE Missing dependency on R >= 4.1.0 because package code uses the pipe |> or function shorthand \(...) syntax added in R 4.1.0. File(s) using such syntax: ‘census2021.Rd’ Flavors: r-devel-linux-x86_64-debian-clang, r-devel-linux-x86_64-debian-gcc, r-devel-linux-x86_64-fedora-clang, r-devel-linux-x86_64-fedora-gcc, r-devel-windows-x86_64, r-patched-linux-x86_64, r-release-linux-x86_64, r-release-macos-arm64, r-release-macos-x86_64, r-release-windows-x86_64

These binaries (installable software) and packages are in development.
They may not be fully stable and should be used with caution. We make no claims about them.